{"id":1056,"date":"2023-09-14T15:05:08","date_gmt":"2023-09-14T15:05:08","guid":{"rendered":"https:\/\/benigal.eu\/?post_type=product&#038;p=1056"},"modified":"2024-09-30T10:56:47","modified_gmt":"2024-09-30T10:56:47","slug":"limpador-abrilhantador-de-farois-carros","status":"publish","type":"product","link":"https:\/\/benigal.eu\/index.php\/product\/limpador-abrilhantador-de-farois-carros\/","title":{"rendered":"Limpador \/ Abrilhantador de far\u00f3is carros"},"content":{"rendered":"<p>Aumento do brilho do restaurador de far\u00f3is de autom\u00f3veis.<\/p>\n<p>Restaure o brilho original dos seus far\u00f3is e elimine aquela cor amarelada que deixa o seu ve\u00edculo feio.<\/p>\n<p>Rejuvenesce far\u00f3is amarelados e sem brilho. Melhora o desempenho do far\u00f3is.<\/p>\n<p>Cont\u00e9m:<br \/>\n1 unidade de composto para eliminar micro arranh\u00f5es na superf\u00edcie,<\/p>\n<p>1 unidade de lubrificante em spray para proteger os far\u00f3is,<\/p>\n<p>almofadas de restaura\u00e7\u00e3o,<\/p>\n<p>1 len\u00e7o para selar as lentes.<\/p>\n<p>&nbsp;<\/p>\n","protected":false},"excerpt":{"rendered":"<p>Limpador \/ Abrilhantador de far\u00f3is carros<\/p>\n","protected":false},"featured_media":1061,"template":"","meta":[],"product_cat":[15],"product_tag":[],"jetpack_sharing_enabled":true,"_links":{"self":[{"href":"https:\/\/benigal.eu\/index.php\/wp-json\/wp\/v2\/product\/1056"}],"collection":[{"href":"https:\/\/benigal.eu\/index.php\/wp-json\/wp\/v2\/product"}],"about":[{"href":"https:\/\/benigal.eu\/index.php\/wp-json\/wp\/v2\/types\/product"}],"wp:featuredmedia":[{"embeddable":true,"href":"https:\/\/benigal.eu\/index.php\/wp-json\/wp\/v2\/media\/1061"}],"wp:attachment":[{"href":"https:\/\/benigal.eu\/index.php\/wp-json\/wp\/v2\/media?parent=1056"}],"wp:term":[{"taxonomy":"product_cat","embeddable":true,"href":"https:\/\/benigal.eu\/index.php\/wp-json\/wp\/v2\/product_cat?post=1056"},{"taxonomy":"product_tag","embeddable":true,"href":"https:\/\/benigal.eu\/index.php\/wp-json\/wp\/v2\/product_tag?post=1056"}],"curies":[{"name":"wp","href":"https:\/\/api.w.org\/{rel}","templated":true}]}}