{"id":1070,"date":"2023-09-14T16:09:37","date_gmt":"2023-09-14T16:09:37","guid":{"rendered":"https:\/\/benigal.eu\/?post_type=product&#038;p=1070"},"modified":"2023-09-27T09:49:27","modified_gmt":"2023-09-27T09:49:27","slug":"sementes-de-olivo-olea-europaea-oliveiras","status":"publish","type":"product","link":"https:\/\/benigal.eu\/index.php\/product\/sementes-de-olivo-olea-europaea-oliveiras\/","title":{"rendered":"Pacote de Sementes de Olivo &#8211; Olea Europaea &#8211; Oliveiras"},"content":{"rendered":"<p>Pacote de 10 sementes.<\/p>\n<p>Sementes de Arvore de Olivo cultiv\u00e1vel como arvore ou bonsai.<\/p>\n<p>As oliveiras s\u00e3o cultivadas no Mediterr\u00e2neo h\u00e1 6000 anos. Mesmo com extremo calor e seca, estas \u00e1rvores podem atingir uma idade superior a 2000 anos.<\/p>\n<p>As \u00e1rvores de oliveira precisam de poucos cuidados e, pelo seu crescimento lento, podem ser usadas como &#8220;bonsai&#8221; ou &#8220;penjing&#8221;.<\/p>\n<p>Devido \u00e0 sua apar\u00eancia multifacetada, \u00e9 particularmente adequado para a cria\u00e7\u00e3o e cultivo como bonsai ou como uma planta em vaso.<\/p>\n<p>&nbsp;<\/p>\n","protected":false},"excerpt":{"rendered":"<p>Sementes de Olivo &#8211; Olea Europaea &#8211; Oliveiras<\/p>\n","protected":false},"featured_media":1071,"template":"","meta":[],"product_cat":[15],"product_tag":[],"jetpack_sharing_enabled":true,"_links":{"self":[{"href":"https:\/\/benigal.eu\/index.php\/wp-json\/wp\/v2\/product\/1070"}],"collection":[{"href":"https:\/\/benigal.eu\/index.php\/wp-json\/wp\/v2\/product"}],"about":[{"href":"https:\/\/benigal.eu\/index.php\/wp-json\/wp\/v2\/types\/product"}],"wp:featuredmedia":[{"embeddable":true,"href":"https:\/\/benigal.eu\/index.php\/wp-json\/wp\/v2\/media\/1071"}],"wp:attachment":[{"href":"https:\/\/benigal.eu\/index.php\/wp-json\/wp\/v2\/media?parent=1070"}],"wp:term":[{"taxonomy":"product_cat","embeddable":true,"href":"https:\/\/benigal.eu\/index.php\/wp-json\/wp\/v2\/product_cat?post=1070"},{"taxonomy":"product_tag","embeddable":true,"href":"https:\/\/benigal.eu\/index.php\/wp-json\/wp\/v2\/product_tag?post=1070"}],"curies":[{"name":"wp","href":"https:\/\/api.w.org\/{rel}","templated":true}]}}