{"id":1091,"date":"2023-09-15T08:53:57","date_gmt":"2023-09-15T08:53:57","guid":{"rendered":"https:\/\/benigal.eu\/?post_type=product&#038;p=1091"},"modified":"2024-10-24T09:47:43","modified_gmt":"2024-10-24T09:47:43","slug":"luz-de-navegacao-led-12v-verde","status":"publish","type":"product","link":"https:\/\/benigal.eu\/index.php\/product\/luz-de-navegacao-led-12v-verde\/","title":{"rendered":"Luz de navega\u00e7\u00e3o LED 12V Verde"},"content":{"rendered":"<p>Dimens\u00f5es: 2,3&#8243;\/Lx1,67&#8243;\/Wx1,32&#8243;\/H, feito de pl\u00e1stico ABS de primeira qualidade, resistente \u00e0 corros\u00e3o, resistente aos impactos e resistente \u00e0 corros\u00e3o da \u00e1gua do mar.<br \/>\nA eletr\u00f3nica destas luzes \u00e9 completamente selada na capa, tornando-as muito dur\u00e1veis.<br \/>\nClassifica\u00e7\u00e3o IP66 imperme\u00e1vel; temperatura de cor: 2800-3200K. Resistente \u00e0s intemp\u00e9ries e completamente selado, seguro e confi\u00e1vel de usar. Fabrico avan\u00e7ado, longa dura\u00e7\u00e3o e baixo consumo de energia.<br \/>\nTens\u00e3o: 12-24 V CC. Esta luz possui a mais recente tecnologia LED de economia de energia, um design moderno e um tamanho otimizado, tornando-a ideal para barcos desportivos.<br \/>\nInstala\u00e7\u00e3o simples, sem necessidade de ferramentas complicadas, conveniente de usar. Pode ser usado como luz de arco e luz de popa para melhorar a seguran\u00e7a da navega\u00e7\u00e3o.<br \/>\nTamanho \u00fanico<\/p>\n<p>&nbsp;<\/p>\n","protected":false},"excerpt":{"rendered":"<p>Luzes de navega\u00e7\u00e3o\u00a0 112,5\u00ba e 135\u00ba<\/p>\n","protected":false},"featured_media":1087,"template":"","meta":[],"product_cat":[59,55],"product_tag":[],"jetpack_sharing_enabled":true,"_links":{"self":[{"href":"https:\/\/benigal.eu\/index.php\/wp-json\/wp\/v2\/product\/1091"}],"collection":[{"href":"https:\/\/benigal.eu\/index.php\/wp-json\/wp\/v2\/product"}],"about":[{"href":"https:\/\/benigal.eu\/index.php\/wp-json\/wp\/v2\/types\/product"}],"wp:featuredmedia":[{"embeddable":true,"href":"https:\/\/benigal.eu\/index.php\/wp-json\/wp\/v2\/media\/1087"}],"wp:attachment":[{"href":"https:\/\/benigal.eu\/index.php\/wp-json\/wp\/v2\/media?parent=1091"}],"wp:term":[{"taxonomy":"product_cat","embeddable":true,"href":"https:\/\/benigal.eu\/index.php\/wp-json\/wp\/v2\/product_cat?post=1091"},{"taxonomy":"product_tag","embeddable":true,"href":"https:\/\/benigal.eu\/index.php\/wp-json\/wp\/v2\/product_tag?post=1091"}],"curies":[{"name":"wp","href":"https:\/\/api.w.org\/{rel}","templated":true}]}}