{"id":1107,"date":"2023-09-16T16:44:19","date_gmt":"2023-09-16T16:44:19","guid":{"rendered":"https:\/\/benigal.eu\/?post_type=product&#038;p=1107"},"modified":"2023-09-16T20:18:46","modified_gmt":"2023-09-16T20:18:46","slug":"relogio-de-parede-para-interior","status":"publish","type":"product","link":"https:\/\/benigal.eu\/index.php\/product\/relogio-de-parede-para-interior\/","title":{"rendered":"Rel\u00f3gio Bresser de parede para interior"},"content":{"rendered":"<p>Rel\u00f3gio de casa para interiores 17 cm, Branco, Marca Bresser com medi\u00e7\u00e3o de Temperatura e Humidade.<\/p>\n<p>Rel\u00f3gio de banheiro \u00e0 prova d \u00e1gua com indica\u00e7\u00e3o de temperatura e umidade do ar<\/p>\n<p>Rel\u00f3gio DCF controlado por r\u00e1dio para configura\u00e7\u00e3o autom\u00e1tica da hora<\/p>\n<p>Para montar na parede ou instalar em uma superf\u00edcie plana<\/p>\n<p>Di\u00e2metro: 17 cm \/ Espessura: 6 cm \/ Peso: 374 g<\/p>\n<p>Escopo de fornecimento: rel\u00f3gio, base, 4 ventosas.<\/p>\n","protected":false},"excerpt":{"rendered":"<p>Rel\u00f3gio Bresser de parede para interior<\/p>\n","protected":false},"featured_media":1159,"template":"","meta":[],"product_cat":[62,55],"product_tag":[],"jetpack_sharing_enabled":true,"_links":{"self":[{"href":"https:\/\/benigal.eu\/index.php\/wp-json\/wp\/v2\/product\/1107"}],"collection":[{"href":"https:\/\/benigal.eu\/index.php\/wp-json\/wp\/v2\/product"}],"about":[{"href":"https:\/\/benigal.eu\/index.php\/wp-json\/wp\/v2\/types\/product"}],"wp:featuredmedia":[{"embeddable":true,"href":"https:\/\/benigal.eu\/index.php\/wp-json\/wp\/v2\/media\/1159"}],"wp:attachment":[{"href":"https:\/\/benigal.eu\/index.php\/wp-json\/wp\/v2\/media?parent=1107"}],"wp:term":[{"taxonomy":"product_cat","embeddable":true,"href":"https:\/\/benigal.eu\/index.php\/wp-json\/wp\/v2\/product_cat?post=1107"},{"taxonomy":"product_tag","embeddable":true,"href":"https:\/\/benigal.eu\/index.php\/wp-json\/wp\/v2\/product_tag?post=1107"}],"curies":[{"name":"wp","href":"https:\/\/api.w.org\/{rel}","templated":true}]}}