{"id":1228,"date":"2023-09-17T11:50:04","date_gmt":"2023-09-17T11:50:04","guid":{"rendered":"https:\/\/benigal.eu\/?post_type=product&#038;p=1228"},"modified":"2024-04-04T14:33:27","modified_gmt":"2024-04-04T14:33:27","slug":"bussola-militar-profissional-ip65","status":"publish","type":"product","link":"https:\/\/benigal.eu\/index.php\/product\/bussola-militar-profissional-ip65\/","title":{"rendered":"B\u00fassola verde militar profissional &#8211; IP65"},"content":{"rendered":"<p>Esta b\u00fassola \u00e9 uma boa ferramenta para mochileiros, campistas, excursionistas, ca\u00e7adores, ge\u00f3logos para fazer atividades ao ar livre.<\/p>\n<p>B\u00fassola profissional e resistente, veja as fotos, satisfa\u00e7\u00e3o garantida ( Cor Verde Militar)<\/p>\n<p>Imperme\u00e1vel e \u00e0 prova de choque, adequada para conduzir, acampar, caminhadas, aventura, ca\u00e7a e outras atividades ao ar livre.<\/p>\n<p>O design especial da luz fluorescente permite que a b\u00fassola continue a fornecer dados de dire\u00e7\u00e3o num ambiente escuro ap\u00f3s absorver luz solar suficiente.<\/p>\n<p>Feita de liga de zinco de alta resist\u00eancia, \u00e9 resistente o suficiente para funcionar em muitas condi\u00e7\u00f5es clim\u00e1ticas.<\/p>\n<p>Os n\u00edveis de bolhas podem aumentar a sua precis\u00e3o e reduzir erros.<\/p>\n<p>O design especial da luz fluorescente permite que a b\u00fassola continue a fornecer dados de dire\u00e7\u00e3o num ambiente escuro ap\u00f3s absorver luz solar suficiente.<\/p>\n<p>Fun\u00e7\u00e3o: \u00e9 usada para posicionamento b\u00e1sico.<\/p>\n<p>A b\u00fassola vem com uma bolsa e cord\u00e3o que pode ser pendurada ao redor do seu pesco\u00e7o ou bolso.<\/p>\n<p>Conselhos: A b\u00fassola \u00e9 magn\u00e9tica e devemos manter-nos longe dos objetos magn\u00e9ticos quando a usamos.<\/p>\n<p>Na hora de usar a b\u00fassola para olhar para a dire\u00e7\u00e3o, esta deve ser colocada horizontalmente.<\/p>\n","protected":false},"excerpt":{"rendered":"<p>B\u00fassola militar profissional &#8211; IP65 Campismo<\/p>\n","protected":false},"featured_media":1376,"template":"","meta":[],"product_cat":[59,58],"product_tag":[],"jetpack_sharing_enabled":true,"_links":{"self":[{"href":"https:\/\/benigal.eu\/index.php\/wp-json\/wp\/v2\/product\/1228"}],"collection":[{"href":"https:\/\/benigal.eu\/index.php\/wp-json\/wp\/v2\/product"}],"about":[{"href":"https:\/\/benigal.eu\/index.php\/wp-json\/wp\/v2\/types\/product"}],"wp:featuredmedia":[{"embeddable":true,"href":"https:\/\/benigal.eu\/index.php\/wp-json\/wp\/v2\/media\/1376"}],"wp:attachment":[{"href":"https:\/\/benigal.eu\/index.php\/wp-json\/wp\/v2\/media?parent=1228"}],"wp:term":[{"taxonomy":"product_cat","embeddable":true,"href":"https:\/\/benigal.eu\/index.php\/wp-json\/wp\/v2\/product_cat?post=1228"},{"taxonomy":"product_tag","embeddable":true,"href":"https:\/\/benigal.eu\/index.php\/wp-json\/wp\/v2\/product_tag?post=1228"}],"curies":[{"name":"wp","href":"https:\/\/api.w.org\/{rel}","templated":true}]}}