{"id":1241,"date":"2023-09-17T12:35:16","date_gmt":"2023-09-17T12:35:16","guid":{"rendered":"https:\/\/benigal.eu\/?post_type=product&#038;p=1241"},"modified":"2023-11-21T16:46:45","modified_gmt":"2023-11-21T16:46:45","slug":"disco-serra-circular-para-madeira-115-mm-x-22-mm-40-dentes","status":"publish","type":"product","link":"https:\/\/benigal.eu\/index.php\/product\/disco-serra-circular-para-madeira-115-mm-x-22-mm-40-dentes\/","title":{"rendered":"Disco serra circular para madeira 115 mm x 22 mm 40 Dentes"},"content":{"rendered":"<p>Disco de TCT Folha de Serra Circular para Madeira Contra chapada 115 mm x 22 mm 40 Dentes.<\/p>\n<p>Dimens\u00f5es: di\u00e2metro: 115 mm; tamanho do eixo: 22,23mm com an\u00e9is redutores de 16mm; dentes de carboneto: 40. A placa balanceada por computador reduz a vibra\u00e7\u00e3o para maior precis\u00e3o e melhor acabamento.<\/p>\n<p>As l\u00e2minas de serra circular Gunpla s\u00e3o feitas de liga de a\u00e7o dur\u00e1vel de alta qualidade, com dentes de carboneto de tungst\u00eanio temperados e afiados para um trabalho eficaz em madeira.<\/p>\n<p>Serra de corte de alta velocidade &#8211; Experimente um \u00f3timo desempenho de corte com este cortador de madeira. As l\u00e2minas de serra garantem um corte r\u00e1pido e preciso com resultados impressionantes.<\/p>\n<p>Corte liso &#8211; cortadores de l\u00e2mina de serra afiados, corte fino para fornecer cortes suaves. As l\u00e2minas de serra podem ser usadas com serras circulares, serras de esquadria, serras de mesa, serras radiais de bra\u00e7o e muito mais.<\/p>\n<p>Aplica\u00e7\u00e3o: a escolha perfeita para uma serra circular, serra de esquadria, serra de mesa quando necess\u00e1rio para escarifica\u00e7\u00e3o e corte transversal. RPM m\u00e1ximo at\u00e9 13.200.<\/p>\n","protected":false},"excerpt":{"rendered":"<p>Disco serra circular para madeira 115 mm x 22 mm 40 Dentes<\/p>\n","protected":false},"featured_media":1242,"template":"","meta":[],"product_cat":[58],"product_tag":[],"jetpack_sharing_enabled":true,"_links":{"self":[{"href":"https:\/\/benigal.eu\/index.php\/wp-json\/wp\/v2\/product\/1241"}],"collection":[{"href":"https:\/\/benigal.eu\/index.php\/wp-json\/wp\/v2\/product"}],"about":[{"href":"https:\/\/benigal.eu\/index.php\/wp-json\/wp\/v2\/types\/product"}],"wp:featuredmedia":[{"embeddable":true,"href":"https:\/\/benigal.eu\/index.php\/wp-json\/wp\/v2\/media\/1242"}],"wp:attachment":[{"href":"https:\/\/benigal.eu\/index.php\/wp-json\/wp\/v2\/media?parent=1241"}],"wp:term":[{"taxonomy":"product_cat","embeddable":true,"href":"https:\/\/benigal.eu\/index.php\/wp-json\/wp\/v2\/product_cat?post=1241"},{"taxonomy":"product_tag","embeddable":true,"href":"https:\/\/benigal.eu\/index.php\/wp-json\/wp\/v2\/product_tag?post=1241"}],"curies":[{"name":"wp","href":"https:\/\/api.w.org\/{rel}","templated":true}]}}