{"id":1257,"date":"2023-09-17T13:05:29","date_gmt":"2023-09-17T13:05:29","guid":{"rendered":"https:\/\/benigal.eu\/?post_type=product&#038;p=1257"},"modified":"2024-08-26T10:27:04","modified_gmt":"2024-08-26T10:27:04","slug":"eletrosserra-einhell-gh-ec-1835-eletrica-1800-w","status":"publish","type":"product","link":"https:\/\/benigal.eu\/index.php\/product\/eletrosserra-einhell-gh-ec-1835-eletrica-1800-w\/","title":{"rendered":"Eletrosserra Einhell GH-EC 1835 el\u00e9trica 1800 W"},"content":{"rendered":"<p>A eletrosserra GH-EC 1835 \u00e9 uma ferramenta pr\u00e1tica e eficiente para serrar lenha, podar e abater \u00e1rvores pequenas. Uma barra e corrente de qualidade da OREGON garantem um desempenho de corte limpo. A corrente pode ser tensionada e trocada sem ferramentas. Para uma boa transmiss\u00e3o da pot\u00eancia e durabilidade, possui uma engrenagem em metal robusta e de alta qualidade. A prote\u00e7\u00e3o contra coice com um trav\u00e3o da corrente mec\u00e2nico instant\u00e2neo parar\u00e1 a corrente imediatamente se a GH-EC 1835 recuar repentinamente.<\/p>\n<p>Uma janela grande torna f\u00e1cil verificar o n\u00edvel de \u00f3leo no dep\u00f3sito da lubrifica\u00e7\u00e3o autom\u00e1tica da corrente. A grande abertura de enchimento, incluindo fecho r\u00e1pido, garante um reabastecimento f\u00e1cil do \u00f3leo. Para seguran\u00e7a, no caso da corrente saltar da calha, existe um pino de prote\u00e7\u00e3o contra corrente partida. Um batente de garra robusto garante o manuseamento seguro e tamb\u00e9m serve como ponto piv\u00f4 quando serra troncos horizontais. Um cerra-cabos protege o cabo de alimenta\u00e7\u00e3o.<\/p>\n<p>L\u00e2mina e corrente de alta qualidade OREGON<br \/>\nAjuste e troca da corrente sem ferramenta<br \/>\nEngrenagem de metal para longa dura\u00e7\u00e3o<br \/>\nPunho ergon\u00f3mico<br \/>\nEncosto das garras em metal<br \/>\nDep\u00f3sito de \u00f3leo para lubrifica\u00e7\u00e3o autom\u00e1tica da corrente<br \/>\nProte\u00e7\u00e3o contra coice e trav\u00e3o da corrente instant\u00e2neo<br \/>\nGrande abertura de enchimento de \u00f3leo com fecho r\u00e1pido<br \/>\nLubrifica\u00e7\u00e3o autom\u00e1tica da corrente<br \/>\nPino de prote\u00e7\u00e3o contra corrente partida.<\/p>\n","protected":false},"excerpt":{"rendered":"<p>Eletrosserra Einhell GH-EC 1835 el\u00e9trica de 1800 W<\/p>\n","protected":false},"featured_media":1265,"template":"","meta":[],"product_cat":[58],"product_tag":[],"jetpack_sharing_enabled":true,"_links":{"self":[{"href":"https:\/\/benigal.eu\/index.php\/wp-json\/wp\/v2\/product\/1257"}],"collection":[{"href":"https:\/\/benigal.eu\/index.php\/wp-json\/wp\/v2\/product"}],"about":[{"href":"https:\/\/benigal.eu\/index.php\/wp-json\/wp\/v2\/types\/product"}],"wp:featuredmedia":[{"embeddable":true,"href":"https:\/\/benigal.eu\/index.php\/wp-json\/wp\/v2\/media\/1265"}],"wp:attachment":[{"href":"https:\/\/benigal.eu\/index.php\/wp-json\/wp\/v2\/media?parent=1257"}],"wp:term":[{"taxonomy":"product_cat","embeddable":true,"href":"https:\/\/benigal.eu\/index.php\/wp-json\/wp\/v2\/product_cat?post=1257"},{"taxonomy":"product_tag","embeddable":true,"href":"https:\/\/benigal.eu\/index.php\/wp-json\/wp\/v2\/product_tag?post=1257"}],"curies":[{"name":"wp","href":"https:\/\/api.w.org\/{rel}","templated":true}]}}