{"id":1281,"date":"2023-09-17T15:36:12","date_gmt":"2023-09-17T15:36:12","guid":{"rendered":"https:\/\/benigal.eu\/?post_type=product&#038;p=1281"},"modified":"2025-05-28T08:17:59","modified_gmt":"2025-05-28T08:17:59","slug":"kit-de-sangramento-travoes-hidraulicos-oleo-mineral-bicicletas","status":"publish","type":"product","link":"https:\/\/benigal.eu\/index.php\/product\/kit-de-sangramento-travoes-hidraulicos-oleo-mineral-bicicletas\/","title":{"rendered":"Kit de Sangramento Trav\u00f5es Hidr\u00e1ulicos"},"content":{"rendered":"<p>Disco hidr\u00e1ulico universal para bicicleta: o nosso disco hidr\u00e1ulico para bicicleta \u00e9 compat\u00edvel com os sistemas de trav\u00f5es hidr\u00e1ulicos das s\u00e9ries SHIMANO, SRAM, MAGURA e Tektro, kits de purga e ferramentas de trav\u00e3o, etc.<\/p>\n<p>\u00c9 compat\u00edvel com muitos lubrificados de eleva\u00e7\u00e3o e garfo dianteiro, reduza o inc\u00f3modo de encontrar um \u00f3leo adequado.<\/p>\n<p>A constru\u00e7\u00e3o da seringa \u00e9 feita de pl\u00e1stico de alta qualidade que \u00e9 resistente ao \u00f3leo mineral, resistente, resistente \u00e0 oxida\u00e7\u00e3o e duradouro para uso prolongado sem deforma\u00e7\u00e3o, e capaz de resistir \u00e0 eros\u00e3o a longo prazo do \u00f3leo de trav\u00e3o e aos choques de \u00f3leo.<\/p>\n<p>Al\u00e9m disso, o injetor de baixa resist\u00eancia quimicamente est\u00e1vel pode proporcionar uma grande suavidade mesmo quando se empurra um amortecedor de alta consist\u00eancia.<\/p>\n<p>Garrafa de purga foi projetada para recolher \u00f3leo desperdi\u00e7ado ou purgar na alavanca. Pode ser ligado a todas as juntas de pl\u00e1stico para conectar a alavanca do freio e servir como seringa de sangramento.<\/p>\n<p>O fecho do tubo \u00e9 ideal para fortalecer o tubo para que n\u00e3o escorregue facilmente, especialmente projetado para sangrar o mamilo.<\/p>\n<p>A chave aberta de 7 a 8 mm \u00e9 especialmente personalizada para desaparafusar os parafusos da pin\u00e7a e os parafusos da mangueira hidr\u00e1ulica da alavanca.<\/p>\n<p>A chave de caneta de 7 mm \u00e9 usada para desaparafusar os parafusos, enquanto a chave aberta de 8 mm \u00e9 usada para desaparafusar os parafusos da alavanca hidr\u00e1ulica da mangueira.<\/p>\n<p>Conte\u00fado:<\/p>\n<p>1 seringa de purga<br \/>\n2 pist\u00f5es de bloco<br \/>\n1 funil<br \/>\n1 tampa<br \/>\n1 chave 7-8<br \/>\n1 chave T10-T15<br \/>\n2 tubos<br \/>\n1 pe\u00e7a de ventila\u00e7\u00e3o de garrafa<br \/>\n1 pe\u00e7a de gancho<br \/>\n1 pe\u00e7a de fecho de tubo<br \/>\n2. pe\u00e7as de borracha el\u00e1stica<br \/>\n2 unidades Pe\u00e7as de luvas<br \/>\n2 adaptador M4<br \/>\n2 adaptadores M5<br \/>\n4 adaptadores M6<br \/>\n1 adaptador de guia RSC<br \/>\n1 adaptador universal.<br \/>\n1 manual em ingl\u00eas<\/p>\n","protected":false},"excerpt":{"rendered":"<p>Kit de Sangramento Trav\u00f5es Hidr\u00e1ulicos \/ \u00d3leo Mineral Bicicletas<\/p>\n","protected":false},"featured_media":1412,"template":"","meta":[],"product_cat":[59,58],"product_tag":[],"jetpack_sharing_enabled":true,"_links":{"self":[{"href":"https:\/\/benigal.eu\/index.php\/wp-json\/wp\/v2\/product\/1281"}],"collection":[{"href":"https:\/\/benigal.eu\/index.php\/wp-json\/wp\/v2\/product"}],"about":[{"href":"https:\/\/benigal.eu\/index.php\/wp-json\/wp\/v2\/types\/product"}],"wp:featuredmedia":[{"embeddable":true,"href":"https:\/\/benigal.eu\/index.php\/wp-json\/wp\/v2\/media\/1412"}],"wp:attachment":[{"href":"https:\/\/benigal.eu\/index.php\/wp-json\/wp\/v2\/media?parent=1281"}],"wp:term":[{"taxonomy":"product_cat","embeddable":true,"href":"https:\/\/benigal.eu\/index.php\/wp-json\/wp\/v2\/product_cat?post=1281"},{"taxonomy":"product_tag","embeddable":true,"href":"https:\/\/benigal.eu\/index.php\/wp-json\/wp\/v2\/product_tag?post=1281"}],"curies":[{"name":"wp","href":"https:\/\/api.w.org\/{rel}","templated":true}]}}