{"id":1286,"date":"2023-09-17T17:46:36","date_gmt":"2023-09-17T17:46:36","guid":{"rendered":"https:\/\/benigal.eu\/?post_type=product&#038;p=1286"},"modified":"2024-10-24T09:46:57","modified_gmt":"2024-10-24T09:46:57","slug":"superthings-superbot-kazoom-power-brinquedo-1-kazoom-kid-1-superthing","status":"publish","type":"product","link":"https:\/\/benigal.eu\/index.php\/product\/superthings-superbot-kazoom-power-brinquedo-1-kazoom-kid-1-superthing\/","title":{"rendered":"SUPERTHINGS Superbot Kazoom Power Brinquedo 1 Kazoom Kid 1 SuperThing"},"content":{"rendered":"<p>Superbot Kazoom Power \u2013 Robot articulado com acess\u00f3rios de combate, 1 Kazoom Kid e 1 SuperThings.<\/p>\n<p>Figura exclusiva: Cont\u00e9m 1 Kazoom Kid e 1 SuperThings her\u00f3i.<\/p>\n<p>Grande jogabilidade: robot de grande jogabilidade com v\u00e1rias a\u00e7\u00f5es para desenvolver a imagina\u00e7\u00e3o dos mais pequenos.<\/p>\n<p>N\u00famero do modelo \u200e8431618018880.<\/p>\n<p>&nbsp;<\/p>\n","protected":false},"excerpt":{"rendered":"<p>Superthings Superbot Kazoom Power \u2013 Robot articulado com acess\u00f3rios de combate, 1 Kazoom Kid e 1 Superzings<\/p>\n<p>&nbsp;<\/p>\n<p>&nbsp;<\/p>\n","protected":false},"featured_media":1466,"template":"","meta":[],"product_cat":[60,56],"product_tag":[],"jetpack_sharing_enabled":true,"_links":{"self":[{"href":"https:\/\/benigal.eu\/index.php\/wp-json\/wp\/v2\/product\/1286"}],"collection":[{"href":"https:\/\/benigal.eu\/index.php\/wp-json\/wp\/v2\/product"}],"about":[{"href":"https:\/\/benigal.eu\/index.php\/wp-json\/wp\/v2\/types\/product"}],"wp:featuredmedia":[{"embeddable":true,"href":"https:\/\/benigal.eu\/index.php\/wp-json\/wp\/v2\/media\/1466"}],"wp:attachment":[{"href":"https:\/\/benigal.eu\/index.php\/wp-json\/wp\/v2\/media?parent=1286"}],"wp:term":[{"taxonomy":"product_cat","embeddable":true,"href":"https:\/\/benigal.eu\/index.php\/wp-json\/wp\/v2\/product_cat?post=1286"},{"taxonomy":"product_tag","embeddable":true,"href":"https:\/\/benigal.eu\/index.php\/wp-json\/wp\/v2\/product_tag?post=1286"}],"curies":[{"name":"wp","href":"https:\/\/api.w.org\/{rel}","templated":true}]}}