{"id":1438,"date":"2023-09-18T15:25:56","date_gmt":"2023-09-18T15:25:56","guid":{"rendered":"https:\/\/benigal.eu\/?post_type=product&#038;p=1438"},"modified":"2025-12-05T11:46:44","modified_gmt":"2025-12-05T11:46:44","slug":"super-zings-superthings-rivals-of-kaboom-caixa-metal-5-figuras","status":"publish","type":"product","link":"https:\/\/benigal.eu\/index.php\/product\/super-zings-superthings-rivals-of-kaboom-caixa-metal-5-figuras\/","title":{"rendered":"SUPERTHINGS Caixa de Metal Team Terr\u00edvel 5 Bonecos"},"content":{"rendered":"<p>Lata Team Terr\u00edvel \u2013 5 SuperThings vil\u00f5es exclusivos que formam a equipa Terr\u00edvel.<\/p>\n<p>Transporte as suas SUPERTHINGS \u2013 Pode usar a lata para guardar ou transportar os seus SuperThings favoritos.<\/p>\n<p>Divers\u00e3o assegurada: os SuperThings s\u00e3o objetos do dia a dia que ganharam vida e se tornaram super-her\u00f3is e vil\u00f5es e vivem todos na cidade de Kaboom City.<\/p>\n<p>&nbsp;<\/p>\n","protected":false},"excerpt":{"rendered":"<p>SuperThings Lata Team Terr\u00edvel\u00a0 cont\u00e9m 5 Superzings exclusivas metalizadas<\/p>\n","protected":false},"featured_media":1488,"template":"","meta":[],"product_cat":[60,56],"product_tag":[],"jetpack_sharing_enabled":true,"_links":{"self":[{"href":"https:\/\/benigal.eu\/index.php\/wp-json\/wp\/v2\/product\/1438"}],"collection":[{"href":"https:\/\/benigal.eu\/index.php\/wp-json\/wp\/v2\/product"}],"about":[{"href":"https:\/\/benigal.eu\/index.php\/wp-json\/wp\/v2\/types\/product"}],"wp:featuredmedia":[{"embeddable":true,"href":"https:\/\/benigal.eu\/index.php\/wp-json\/wp\/v2\/media\/1488"}],"wp:attachment":[{"href":"https:\/\/benigal.eu\/index.php\/wp-json\/wp\/v2\/media?parent=1438"}],"wp:term":[{"taxonomy":"product_cat","embeddable":true,"href":"https:\/\/benigal.eu\/index.php\/wp-json\/wp\/v2\/product_cat?post=1438"},{"taxonomy":"product_tag","embeddable":true,"href":"https:\/\/benigal.eu\/index.php\/wp-json\/wp\/v2\/product_tag?post=1438"}],"curies":[{"name":"wp","href":"https:\/\/api.w.org\/{rel}","templated":true}]}}