{"id":1491,"date":"2023-09-18T21:36:43","date_gmt":"2023-09-18T21:36:43","guid":{"rendered":"https:\/\/benigal.eu\/?post_type=product&#038;p=1491"},"modified":"2024-09-30T10:55:51","modified_gmt":"2024-09-30T10:55:51","slug":"superthings-caixa-de-metal-danger-gang-5-bonecos","status":"publish","type":"product","link":"https:\/\/benigal.eu\/index.php\/product\/superthings-caixa-de-metal-danger-gang-5-bonecos\/","title":{"rendered":"SUPERTHINGS Caixa de Metal Danger Gang 5 Bonecos"},"content":{"rendered":"<p><span class=\"a-list-item\">Lata Danger Gang \u2013 5 SuperThings vil\u00f5es exclusivos que formam a equipa Danger Gang.<\/span><\/p>\n<p>Transporte as suas SUPERTHINGS \u2013 Pode usar a lata para guardar ou transportar os seus SuperThings favoritos.<\/p>\n<p>Divers\u00e3o assegurada: os SuperThings s\u00e3o objetos do dia a dia que ganharam vida e se tornaram super-her\u00f3is e vil\u00f5es e vivem todos na cidade de Kaboom City.<\/p>\n<p>&nbsp;<\/p>\n","protected":false},"excerpt":{"rendered":"<p>SuperThings Lata Danger Gang cont\u00e9m 5 Superzings exclusivas metalizadas<\/p>\n","protected":false},"featured_media":1493,"template":"","meta":[],"product_cat":[60,56],"product_tag":[],"jetpack_sharing_enabled":true,"_links":{"self":[{"href":"https:\/\/benigal.eu\/index.php\/wp-json\/wp\/v2\/product\/1491"}],"collection":[{"href":"https:\/\/benigal.eu\/index.php\/wp-json\/wp\/v2\/product"}],"about":[{"href":"https:\/\/benigal.eu\/index.php\/wp-json\/wp\/v2\/types\/product"}],"wp:featuredmedia":[{"embeddable":true,"href":"https:\/\/benigal.eu\/index.php\/wp-json\/wp\/v2\/media\/1493"}],"wp:attachment":[{"href":"https:\/\/benigal.eu\/index.php\/wp-json\/wp\/v2\/media?parent=1491"}],"wp:term":[{"taxonomy":"product_cat","embeddable":true,"href":"https:\/\/benigal.eu\/index.php\/wp-json\/wp\/v2\/product_cat?post=1491"},{"taxonomy":"product_tag","embeddable":true,"href":"https:\/\/benigal.eu\/index.php\/wp-json\/wp\/v2\/product_tag?post=1491"}],"curies":[{"name":"wp","href":"https:\/\/api.w.org\/{rel}","templated":true}]}}