{"id":1516,"date":"2023-09-19T11:00:00","date_gmt":"2023-09-19T11:00:00","guid":{"rendered":"https:\/\/benigal.eu\/?post_type=product&#038;p=1516"},"modified":"2024-10-24T09:46:19","modified_gmt":"2024-10-24T09:46:19","slug":"carregador-wireless-7-5w-fast-charge-2-em-1-iphone-airpods-pro-watch","status":"publish","type":"product","link":"https:\/\/benigal.eu\/index.php\/product\/carregador-wireless-7-5w-fast-charge-2-em-1-iphone-airpods-pro-watch\/","title":{"rendered":"Carregador Wireless 7.5W Fast Charge 2 em 1 iPhone AirPods Pro Watch"},"content":{"rendered":"<p>Carregador sem fio Seneo Fast &#8211; Carregador dom\u00e9stico 2 em 1 de 7,5 W para iPhone 8 para iPhone 11 Pro e AirPods Pro, suporte de carregamento sem fio para Apple Watch Series 5\/4\/3\/2.<\/p>\n<p>Compativel com:<\/p>\n<p>IPhone 12\/12 Mini\/12 Pro\/12 Pro Max\/11\/11 Pro\/11 Pro Max\/XS MAX\/XS\/XR\/X\/8\/8 plus; Samsung Galaxy S10 +\/S10\/S10e\/S9\/S9plus\/S8\/S8plus\/S7\/S7 Edge\/S7 Active\/S6\/S6 Edge Plus\/S6 Active\/Note5\/Note7\/Note8\/ Note9\/Note FE\/Note10\/Note10+; Huawei Mate 30 RS\/Mate 20 Pro\/Mate 20 RS\/P30 Pro\/Mate 30\/Mate 30 Pro; xiaomi 9\/xiaomi mix 2S\/xiaomi mix 3\/9 Pro 5G; Blackview BV5800 Pro\/BV6800 Pro\/BV9500\/BV9500 Pro; SONY Xperia Z3v(D6708)\/Xperia Z4V\/Xperia XZ2\/Xperia XZ2 Premium\/Xperia XZ3; Google Nexus 4\/Nexus 5\/Nexus 6\/Pixel 3\/Pixel 3XL\/Pixel 4\/Pixel 4XL; Doogee BL900\/S60\/S60 Lite\/S70\/S70 Lite\/S80\/S80 Lite\/S68 Pro\/S90\/S90 Pro\/S95 Pro; LG G3\/G6\/G6+\/G7\/G7 ThinQ\/G7+ ThinQ\/G8\/ \/G8 ThinQ, etc; Nokia Lumia 720\/Lumia 735\/Lumia 810\/Lumia 820\/Lumia 830\/Lumia 920\/Lumia 920T\/Lumia 928\/Lumia 929\/Lumia 930\/Lumia 1520, etc.<\/p>\n<p>Carregador de casa m\u00f3vel para iphone \/ airpods pro + apple watch &#8211; combina o carregador sem fio r\u00e1pido para iphone 8 para iphone 12pro ou airpods pro com suporte de carregamento para apple watch (n\u00e3o incluindo cabo de rel\u00f3gio apple e capa de carregamento sem fio airpods); Presente perfeito para f\u00e3s da apple.<\/p>\n<p>O iPhone precisa de pelo menos 7,5 W para obter um carregamento r\u00e1pido e o Apple Watch precisa de 2 W para funcionar, portanto, precisa de pelo menos um adaptador de 10 W para alimentar dois dispositivos simultaneamente. O adaptador QC 3.0 com sa\u00edda de 18W \u00e9 altamente recomendado.<\/p>\n<p>Melhor carregador de mesa de cabeceira &#8211; O mostrador do rel\u00f3gio mostra a hora e fica vis\u00edvel segundo a segundo ao carregar com dock sem fio; Al\u00e9m disso, o espa\u00e7o extra de armazenamento de cabos na parte inferior mant\u00e9m voc\u00ea organizado, armazenando todos os seus cabos; o indicador escuro mostra o status do carregamento e n\u00e3o perturba seu sono.<\/p>\n<p>Carregador m\u00f3vel sem fio &#8211; aprovado pela CE e id fcc, fornece prote\u00e7\u00e3o m\u00faltipla, como sobretens\u00e3o, curto-circuito, superaquecimento e muito mais; Possui tapetes de silicone que mant\u00eam o carregador est\u00e1vel e evitam que o dispositivo deslize durante o carregamento; Design port\u00e1til para f\u00e1cil transporte, o suporte remov\u00edvel do rel\u00f3gio da Apple e o tamanho armazen\u00e1vel s\u00e3o f\u00e1ceis de transportar ou viajar; cabe perfeitamente na mochila, bagagem ou bolso.<\/p>\n<p>Nota: a bobina de indu\u00e7\u00e3o interna de alta qualidade permite que voc\u00ea carregue seu telefone atrav\u00e9s de qualquer tampa (dentro de 5 mm); n\u00e3o h\u00e1 necessidade de retirar a capa do telefone durante o carregamento.<\/p>\n<p>(chaves, objetos magn\u00e9ticos, objetos de metal e cart\u00e3o de cr\u00e9dito devem ser removidos da tampa antes de carregar).<\/p>\n<p>&nbsp;<\/p>\n","protected":false},"excerpt":{"rendered":"<p>Carregador sem fio Seneo Fast &#8211; Carregador dom\u00e9stico 2 em 1 de 7,5 W para iPhone e AirPods Pro, suporte de carregamento sem fio para Apple Watch.<\/p>\n","protected":false},"featured_media":1935,"template":"","meta":[],"product_cat":[15,55],"product_tag":[],"jetpack_sharing_enabled":true,"_links":{"self":[{"href":"https:\/\/benigal.eu\/index.php\/wp-json\/wp\/v2\/product\/1516"}],"collection":[{"href":"https:\/\/benigal.eu\/index.php\/wp-json\/wp\/v2\/product"}],"about":[{"href":"https:\/\/benigal.eu\/index.php\/wp-json\/wp\/v2\/types\/product"}],"wp:featuredmedia":[{"embeddable":true,"href":"https:\/\/benigal.eu\/index.php\/wp-json\/wp\/v2\/media\/1935"}],"wp:attachment":[{"href":"https:\/\/benigal.eu\/index.php\/wp-json\/wp\/v2\/media?parent=1516"}],"wp:term":[{"taxonomy":"product_cat","embeddable":true,"href":"https:\/\/benigal.eu\/index.php\/wp-json\/wp\/v2\/product_cat?post=1516"},{"taxonomy":"product_tag","embeddable":true,"href":"https:\/\/benigal.eu\/index.php\/wp-json\/wp\/v2\/product_tag?post=1516"}],"curies":[{"name":"wp","href":"https:\/\/api.w.org\/{rel}","templated":true}]}}