{"id":1521,"date":"2023-09-19T13:29:55","date_gmt":"2023-09-19T13:29:55","guid":{"rendered":"https:\/\/benigal.eu\/?post_type=product&#038;p=1521"},"modified":"2023-09-22T16:38:02","modified_gmt":"2023-09-22T16:38:02","slug":"cisco-7962-g-comunicacoes-escritorios-telefone","status":"publish","type":"product","link":"https:\/\/benigal.eu\/index.php\/product\/cisco-7962-g-comunicacoes-escritorios-telefone\/","title":{"rendered":"Telefone IP Cisco 7962G Unified VoIP Phone &#8211; Recondicionado"},"content":{"rendered":"<p>Telefone IP Cisco 7962G Unified VoIP Phone\u00a0 &#8211;\u00a0 Recondicionado<\/p>\n<p>Este produto em segunda m\u00e3o foi inspecionado, testado e limpo profissionalmente.<\/p>\n<p>Os produtos correspondem a um dos seguintes estados cosm\u00e9ticos: Excelente estado &#8211; sem sinais de danos est\u00e9ticos, ao segurar a 30 cent\u00edmetros de dist\u00e2ncia.<\/p>\n<p>Bom estado &#8211; arranh\u00f5es ligeiros, pouco vis\u00edveis, ao segurar o dispositivo a 30 cent\u00edmetros de dist\u00e2ncia. Estado aceit\u00e1vel &#8211; arranh\u00f5es vis\u00edveis ao segurar o dispositivo a 30 cent\u00edmetros de dist\u00e2ncia e percet\u00edveis ao toque.<\/p>\n<p>Este produto ter\u00e1 uma bateria que ir\u00e1 ultrapassar a capacidade de 80%, em compara\u00e7\u00e3o com uma nova.Os acess\u00f3rios poder\u00e3o n\u00e3o ser originais, mas ser\u00e3o compat\u00edveis e totalmente funcionais. O produto poder\u00e1 ser fornecido numa caixa gen\u00e9rica.<\/p>\n<p>Marca Cisco<br \/>\nFonte de alimenta\u00e7\u00e3o El\u00e9ctrico com cable<br \/>\nTipo de marcador Teclado \u00fanico<br \/>\nDimens\u00f5es do produto CxLxA 15,2 x 20,8 x 26,7 cent\u00edmetros<br \/>\nCapacidade de grava\u00e7\u00e3o 16 Minutos<br \/>\nIdentifica\u00e7\u00e3o de chamadas Sim<\/p>\n","protected":false},"excerpt":{"rendered":"<p>Cisco 7962 &#8211; G &#8211; Comunica\u00e7\u00f5es \/ Escrit\u00f3rios \/ Telefone.<\/p>\n<p>&nbsp;<\/p>\n","protected":false},"featured_media":1965,"template":"","meta":[],"product_cat":[62,55],"product_tag":[],"jetpack_sharing_enabled":true,"_links":{"self":[{"href":"https:\/\/benigal.eu\/index.php\/wp-json\/wp\/v2\/product\/1521"}],"collection":[{"href":"https:\/\/benigal.eu\/index.php\/wp-json\/wp\/v2\/product"}],"about":[{"href":"https:\/\/benigal.eu\/index.php\/wp-json\/wp\/v2\/types\/product"}],"wp:featuredmedia":[{"embeddable":true,"href":"https:\/\/benigal.eu\/index.php\/wp-json\/wp\/v2\/media\/1965"}],"wp:attachment":[{"href":"https:\/\/benigal.eu\/index.php\/wp-json\/wp\/v2\/media?parent=1521"}],"wp:term":[{"taxonomy":"product_cat","embeddable":true,"href":"https:\/\/benigal.eu\/index.php\/wp-json\/wp\/v2\/product_cat?post=1521"},{"taxonomy":"product_tag","embeddable":true,"href":"https:\/\/benigal.eu\/index.php\/wp-json\/wp\/v2\/product_tag?post=1521"}],"curies":[{"name":"wp","href":"https:\/\/api.w.org\/{rel}","templated":true}]}}