{"id":1527,"date":"2023-09-19T15:08:37","date_gmt":"2023-09-19T15:08:37","guid":{"rendered":"https:\/\/benigal.eu\/?post_type=product&#038;p=1527"},"modified":"2023-09-23T11:21:53","modified_gmt":"2023-09-23T11:21:53","slug":"lanterna-cabeca-recarregavel-impermeavel-bicicleta-campismo-desporto","status":"publish","type":"product","link":"https:\/\/benigal.eu\/index.php\/product\/lanterna-cabeca-recarregavel-impermeavel-bicicleta-campismo-desporto\/","title":{"rendered":"Lanterna de cabe\u00e7a Dawinsie recarreg\u00e1vel LED Imperme\u00e1vel"},"content":{"rendered":"<p>Lanterna frontal recarreg\u00e1vel LED, 4 modos de alta pot\u00eancia, lanterna de cabe\u00e7a, alcance de 100 m, luz para bicicleta com imperme\u00e1vel IPX4 para capacete, pesca, bicicleta e ca\u00e7a.<\/p>\n<p>[Classe energ\u00e9tica A+++]<\/p>\n<p>GZRD Frontal LED recarreg\u00e1vel: 2 x 1800 mAh bateria de l\u00edtio recarreg\u00e1vel incorporada.<\/p>\n<p>Cabo USB inclu\u00eddo.<\/p>\n<p>Esta frontal LED pode suportar atividades externas prolongadas ap\u00f3s o carregamento total.<\/p>\n<p>Indicador: Vermelho &#8211; carregado; verde &#8211; totalmente carregado<br \/>\n(Nota: Para controlar melhor a qualidade do produto. Abrimos a embalagem para teste antes do envio, mas todos os produtos s\u00e3o novos, pode ter a certeza de us\u00e1-los.)<\/p>\n<p>A lanterna frontal potente oferece ilumina\u00e7\u00e3o de alta pot\u00eancia e um alcance de 0 a 100 metros.<\/p>\n<p>Possui 4 modos (padr\u00e3o \/ m\u00e1x. autonomia \/ m\u00e1x. pot\u00eancia \/ SOS) para satisfazer as suas diversas necessidades.<\/p>\n<p>O candeeiro de cabe\u00e7a LED pode ser girado em 90 graus, para que possa ajustar o \u00e2ngulo e iluminar qualquer canto que desejar, ideal para interiores e exteriores.<\/p>\n<p>Candeeiros LED usam qualidade tecido de poli\u00e9ster fita ajust\u00e1vel para qualquer tamanho de cabe\u00e7a para um uso confort\u00e1vel e seguro ajuste.<\/p>\n<p>USB recarreg\u00e1vel: a bateria recarreg\u00e1vel USB 2200 mAh duradoura incorporada, proporciona 5 horas de pot\u00eancia cont\u00ednua em modo de alto brilho e 15 horas em modo de baixo brilho.<\/p>\n<p>Leva apenas 3-5 horas para um carregamento completo de qualquer porta USB (cabo USB inclu\u00eddo).<\/p>\n<p>Robusta e bem assunto: com a prote\u00e7\u00e3o de classifica\u00e7\u00e3o IPX20, o LED frontal tem excelente resist\u00eancia \u00e0 \u00e1gua, ao p\u00f3 e aos impactos, nunca o falhar\u00e1 sob chuva intensa ou qualquer condi\u00e7\u00e3o extrema. A al\u00e7a el\u00e1stica \u00e9 larga e ajust\u00e1vel, e possui uma faixa adicional na parte superior para proporcionar maior elasticidade e melhor fixa\u00e7\u00e3o na cabe\u00e7a.<\/p>\n","protected":false},"excerpt":{"rendered":"<p>Lanterna cabe\u00e7a recarreg\u00e1vel Imperme\u00e1vel Bicicleta Campismo Desporto<\/p>\n","protected":false},"featured_media":2013,"template":"","meta":[],"product_cat":[62,59,58,55],"product_tag":[],"jetpack_sharing_enabled":true,"_links":{"self":[{"href":"https:\/\/benigal.eu\/index.php\/wp-json\/wp\/v2\/product\/1527"}],"collection":[{"href":"https:\/\/benigal.eu\/index.php\/wp-json\/wp\/v2\/product"}],"about":[{"href":"https:\/\/benigal.eu\/index.php\/wp-json\/wp\/v2\/types\/product"}],"wp:featuredmedia":[{"embeddable":true,"href":"https:\/\/benigal.eu\/index.php\/wp-json\/wp\/v2\/media\/2013"}],"wp:attachment":[{"href":"https:\/\/benigal.eu\/index.php\/wp-json\/wp\/v2\/media?parent=1527"}],"wp:term":[{"taxonomy":"product_cat","embeddable":true,"href":"https:\/\/benigal.eu\/index.php\/wp-json\/wp\/v2\/product_cat?post=1527"},{"taxonomy":"product_tag","embeddable":true,"href":"https:\/\/benigal.eu\/index.php\/wp-json\/wp\/v2\/product_tag?post=1527"}],"curies":[{"name":"wp","href":"https:\/\/api.w.org\/{rel}","templated":true}]}}