{"id":1650,"date":"2023-09-20T10:56:34","date_gmt":"2023-09-20T10:56:34","guid":{"rendered":"https:\/\/benigal.eu\/?post_type=product&#038;p=1650"},"modified":"2023-12-01T10:40:09","modified_gmt":"2023-12-01T10:40:09","slug":"autocaravana-de-bonecas-barbie-mattel","status":"publish","type":"product","link":"https:\/\/benigal.eu\/index.php\/product\/autocaravana-de-bonecas-barbie-mattel\/","title":{"rendered":"Autocaravana de Bonecas Barbie Mattel"},"content":{"rendered":"<p>Barbie Autocaravana &#8211; descapot\u00e1vel &#8211; com piscina e rodas girat\u00f3rias &#8211; bonecas n\u00e3o inclu\u00eddas &#8211; espa\u00e7o de jogo: 60 cm.<\/p>\n<p>Presente Brinquedo para crian\u00e7as a partir de 3 anos.<\/p>\n<p>Transforme a colorida autocaravana de sonho da Barbie num conjunto de jogo ambientado num acampamento com o pressionar de um bot\u00e3o: o teto e a lateral abrem-se, enquanto a parte traseira se estende para criar uma zona de jogo com mais de 60 cm de comprimento!<\/p>\n<p>O lado aberto transforma-se numa piscina com um escorrega de \u00e1gua e escadas suspensas para dar um mergulho!<\/p>\n<p>O interior serve para os pulsos comerem ou dormir; basta retirar os bancos dianteiros do autocaravana para us\u00e1-los como cadeiras de mesa ou pendurar as redes para que duas irm\u00e3s possam dormir sob as estrelas.<\/p>\n<p>As duas camas extras foram concebidas para que a Barbie e todas as suas irm\u00e3s possam sair em viagem juntas (as bonecas s\u00e3o vendidas separadamente).<\/p>\n<p>Na parte de tr\u00e1s da autocaravana h\u00e1 um arm\u00e1rio e uma casa de banho com pia, chuveiro e sanita de um lado, enquanto do outro lado h\u00e1 uma cozinha com lava-loi\u00e7as e frigor\u00edfico.<\/p>\n","protected":false},"excerpt":{"rendered":"<p>Barbie Super caravana da boneca barbie (Mattel FBR34)<\/p>\n","protected":false},"featured_media":1658,"template":"","meta":[],"product_cat":[60,56],"product_tag":[],"jetpack_sharing_enabled":true,"_links":{"self":[{"href":"https:\/\/benigal.eu\/index.php\/wp-json\/wp\/v2\/product\/1650"}],"collection":[{"href":"https:\/\/benigal.eu\/index.php\/wp-json\/wp\/v2\/product"}],"about":[{"href":"https:\/\/benigal.eu\/index.php\/wp-json\/wp\/v2\/types\/product"}],"wp:featuredmedia":[{"embeddable":true,"href":"https:\/\/benigal.eu\/index.php\/wp-json\/wp\/v2\/media\/1658"}],"wp:attachment":[{"href":"https:\/\/benigal.eu\/index.php\/wp-json\/wp\/v2\/media?parent=1650"}],"wp:term":[{"taxonomy":"product_cat","embeddable":true,"href":"https:\/\/benigal.eu\/index.php\/wp-json\/wp\/v2\/product_cat?post=1650"},{"taxonomy":"product_tag","embeddable":true,"href":"https:\/\/benigal.eu\/index.php\/wp-json\/wp\/v2\/product_tag?post=1650"}],"curies":[{"name":"wp","href":"https:\/\/api.w.org\/{rel}","templated":true}]}}