{"id":1684,"date":"2023-09-20T11:36:13","date_gmt":"2023-09-20T11:36:13","guid":{"rendered":"https:\/\/benigal.eu\/?post_type=product&#038;p=1684"},"modified":"2024-02-03T10:48:12","modified_gmt":"2024-02-03T10:48:12","slug":"bola-de-luz-giratoria-decoracao-festa-aniversario-casa-loja","status":"publish","type":"product","link":"https:\/\/benigal.eu\/index.php\/product\/bola-de-luz-giratoria-decoracao-festa-aniversario-casa-loja\/","title":{"rendered":"Bola de Luz Girat\u00f3ria decora\u00e7\u00e3o festa aniversario casa loja"},"content":{"rendered":"<p>Luzes de discoteca, luzes de festa de bola de discoteca ativadas por som Gritin -15 RGBP As cores mudam com controle remoto, com cabo USB 4M.<\/p>\n<p>A embalagem inclui:<\/p>\n<p>1 bola de discoteca<\/p>\n<p>1 x Cabo<\/p>\n<p>1 x controle remoto<\/p>\n<p>1 suporte para pendurar<\/p>\n<p>Temos mais produtos em sons pergunte qualquer duvida.<\/p>\n<p>Faz da suas festas um momento inolvid\u00e1vel, leve a festa a todos lados!<\/p>\n<p>Novo design: as luzes de discoteca atualizam novamente, incluindo 15 cores de ilumina\u00e7\u00e3o, verde, azul, rosa, vermelho e verde, vermelho e azul, verde e rosa, verde e rosa, azul e rosa, vermelho e verde e azul, vermelho e verde e rosa, vermelho e azul e rosa, verde e azul e rosa, vermelho e verde e azul e rosa.<\/p>\n<p>Modo: pode ser ajustado o modo desejado, modo de controlo de som, modo remoto, modo autom\u00e1tico) e brilho da luz. Em seguida, pressione + ou &#8211; para ajustar a velocidade do movimento da luz noturna LED.<\/p>\n<p>Aplica\u00e7\u00f5es: A discoteca LED \u00e9 para festa de anivers\u00e1rio, festa na piscina, discoteca, dan\u00e7a, festa do pijama, f\u00e9rias, casamento, Natal, karaoke, DJ, Halloween, festa, etc.<\/p>\n<p>F\u00e1cil de instalar: h\u00e1 um suporte rotativo de ventosa de 360\u00b0, a luz do cen\u00e1rio pode ser atra\u00edda por vidro, cer\u00e2mica ou outras superf\u00edcies lisas. Tamb\u00e9m pode ser colocado numa mesa ou no ch\u00e3o. Pode usar o controlo remoto para projetar o efeito que deseja ou o fant\u00e1stico padr\u00e3o de ilumina\u00e7\u00e3o.<\/p>\n<p>S\u00e3o necess\u00e1rios apenas 48 decib\u00e9is para ativar mudan\u00e7as de ilumina\u00e7\u00e3o e velocidade.<\/p>\n<p>As luzes de discoteca podem reconhecer m\u00fasica pr\u00f3xima, som ou m\u00fasica por sensores de som.<\/p>\n","protected":false},"excerpt":{"rendered":"<p>Bola de Luz Girat\u00f3ria decora\u00e7\u00e3o festa aniversario casa loja<\/p>\n","protected":false},"featured_media":1908,"template":"","meta":[],"product_cat":[62,61,55],"product_tag":[],"jetpack_sharing_enabled":true,"_links":{"self":[{"href":"https:\/\/benigal.eu\/index.php\/wp-json\/wp\/v2\/product\/1684"}],"collection":[{"href":"https:\/\/benigal.eu\/index.php\/wp-json\/wp\/v2\/product"}],"about":[{"href":"https:\/\/benigal.eu\/index.php\/wp-json\/wp\/v2\/types\/product"}],"wp:featuredmedia":[{"embeddable":true,"href":"https:\/\/benigal.eu\/index.php\/wp-json\/wp\/v2\/media\/1908"}],"wp:attachment":[{"href":"https:\/\/benigal.eu\/index.php\/wp-json\/wp\/v2\/media?parent=1684"}],"wp:term":[{"taxonomy":"product_cat","embeddable":true,"href":"https:\/\/benigal.eu\/index.php\/wp-json\/wp\/v2\/product_cat?post=1684"},{"taxonomy":"product_tag","embeddable":true,"href":"https:\/\/benigal.eu\/index.php\/wp-json\/wp\/v2\/product_tag?post=1684"}],"curies":[{"name":"wp","href":"https:\/\/api.w.org\/{rel}","templated":true}]}}