{"id":1696,"date":"2023-09-20T11:42:24","date_gmt":"2023-09-20T11:42:24","guid":{"rendered":"https:\/\/benigal.eu\/?post_type=product&#038;p=1696"},"modified":"2024-09-25T10:47:50","modified_gmt":"2024-09-25T10:47:50","slug":"kit-de-reparacao-joycon-joysticks-nintendo-com-ferramentas","status":"publish","type":"product","link":"https:\/\/benigal.eu\/index.php\/product\/kit-de-reparacao-joycon-joysticks-nintendo-com-ferramentas\/","title":{"rendered":"Kit de repara\u00e7\u00e3o JoyCon Joysticks Nintendo"},"content":{"rendered":"<p>Kit de repara\u00e7\u00e3o Joycon \/ Joystick direito e esquerdo com ferramentas<\/p>\n<p>Substitui\u00e7\u00e3o perfeita de Joystick anal\u00f3gico 3D para Nintendo Switch Joy-con, compat\u00edvel com joystick esquerdo ou direito.<\/p>\n<p>Substitua o seu an\u00e1logo danificado para dar uma nova apar\u00eancia.<\/p>\n<p>A Excellence substitui a pe\u00e7a de reposi\u00e7\u00e3o esquerda \/ direita do joystick anal\u00f3gico do comando do joystick para Nintendo Switch Joy-Con.<\/p>\n<p>Joycon Ferramenta de repara\u00e7\u00e3o profissional e abridor completo de tr\u00eas asas de 2,0 mm: conserte o seu Nintendo Switch Joy-Con, New 3DS Nintendo Wii\/Wii U,N64\/NES\/SNES\/NDS, NDSL, DS Lite\/GBA\/Genesis\/32x consolas, etc. A\u00e7o endurecido dur\u00e1vel, tratado termicamente para m\u00e1xima resist\u00eancia. Nota: calibre o joystick ap\u00f3s a instala\u00e7\u00e3o<\/p>\n<p>Os kits de chaves de fenda da Nintendo com pontas &#8220;Y&#8221; e PZ1 s\u00e3o adequados para o sistema Nintendo Switch. Escova adicional de limpeza e limpeza: Limpe e remova a tampa do cartucho de forma segura e f\u00e1cil.<\/p>\n<p>Materiais de primeira qualidade: feito de pl\u00e1stico e metal de grau militar, com excelente grau de controlo e qualidade duradoura incompar\u00e1vel. F\u00e1cil de instalar e remover, e atrai 1 conjunto de ferramentas para abrir o kit de chaves de fenda de seguran\u00e7a para repara\u00e7\u00e3o.<\/p>\n<p>F\u00e1cil de instalar e remover. Quando substituir o joystick, levante o &#8220;la\u00e7o preto&#8221; na tomada do cabo, remova a alavanca original, use pin\u00e7as para apertar a parte dura da extremidade frontal do cabo do novo cabo de alavanca, inseri-lo no final, \u00e9 normal que o cabo da haste esteja dobrado. N\u00e3o puxe muito e preste aten\u00e7\u00e3o \u00e0 prote\u00e7\u00e3o de cada cabo.<\/p>\n","protected":false},"excerpt":{"rendered":"<p>Kit de repara\u00e7\u00e3o JoyCon Joysticks Nintendo com ferramentas<\/p>\n","protected":false},"featured_media":2159,"template":"","meta":[],"product_cat":[58,55],"product_tag":[],"jetpack_sharing_enabled":true,"_links":{"self":[{"href":"https:\/\/benigal.eu\/index.php\/wp-json\/wp\/v2\/product\/1696"}],"collection":[{"href":"https:\/\/benigal.eu\/index.php\/wp-json\/wp\/v2\/product"}],"about":[{"href":"https:\/\/benigal.eu\/index.php\/wp-json\/wp\/v2\/types\/product"}],"wp:featuredmedia":[{"embeddable":true,"href":"https:\/\/benigal.eu\/index.php\/wp-json\/wp\/v2\/media\/2159"}],"wp:attachment":[{"href":"https:\/\/benigal.eu\/index.php\/wp-json\/wp\/v2\/media?parent=1696"}],"wp:term":[{"taxonomy":"product_cat","embeddable":true,"href":"https:\/\/benigal.eu\/index.php\/wp-json\/wp\/v2\/product_cat?post=1696"},{"taxonomy":"product_tag","embeddable":true,"href":"https:\/\/benigal.eu\/index.php\/wp-json\/wp\/v2\/product_tag?post=1696"}],"curies":[{"name":"wp","href":"https:\/\/api.w.org\/{rel}","templated":true}]}}