{"id":1741,"date":"2023-09-20T15:05:33","date_gmt":"2023-09-20T15:05:33","guid":{"rendered":"https:\/\/benigal.eu\/?post_type=product&#038;p=1741"},"modified":"2023-12-29T18:17:02","modified_gmt":"2023-12-29T18:17:02","slug":"bolsa-impermeavel-com-divisoes-internas","status":"publish","type":"product","link":"https:\/\/benigal.eu\/index.php\/product\/bolsa-impermeavel-com-divisoes-internas\/","title":{"rendered":"Bolsa Mala Imperme\u00e1vel para Praia ou Piscina"},"content":{"rendered":"<p>Bolsa Imperme\u00e1vel com divis\u00f5es internas.<\/p>\n<p>Material: Waterproff PVC<\/p>\n<p>Tamanho: Bolsa 33*22*10 cm<\/p>\n<p>Cor: Rosa<\/p>\n<p>C\u00f3digo produto: MW-TB-0061.<\/p>\n","protected":false},"excerpt":{"rendered":"<p>Bolsa Imperme\u00e1vel com divis\u00f5es internas. Cor Rosa<\/p>\n","protected":false},"featured_media":2403,"template":"","meta":[],"product_cat":[59,61],"product_tag":[],"jetpack_sharing_enabled":true,"_links":{"self":[{"href":"https:\/\/benigal.eu\/index.php\/wp-json\/wp\/v2\/product\/1741"}],"collection":[{"href":"https:\/\/benigal.eu\/index.php\/wp-json\/wp\/v2\/product"}],"about":[{"href":"https:\/\/benigal.eu\/index.php\/wp-json\/wp\/v2\/types\/product"}],"wp:featuredmedia":[{"embeddable":true,"href":"https:\/\/benigal.eu\/index.php\/wp-json\/wp\/v2\/media\/2403"}],"wp:attachment":[{"href":"https:\/\/benigal.eu\/index.php\/wp-json\/wp\/v2\/media?parent=1741"}],"wp:term":[{"taxonomy":"product_cat","embeddable":true,"href":"https:\/\/benigal.eu\/index.php\/wp-json\/wp\/v2\/product_cat?post=1741"},{"taxonomy":"product_tag","embeddable":true,"href":"https:\/\/benigal.eu\/index.php\/wp-json\/wp\/v2\/product_tag?post=1741"}],"curies":[{"name":"wp","href":"https:\/\/api.w.org\/{rel}","templated":true}]}}