{"id":1759,"date":"2023-09-20T15:29:40","date_gmt":"2023-09-20T15:29:40","guid":{"rendered":"https:\/\/benigal.eu\/?post_type=product&#038;p=1759"},"modified":"2023-09-28T15:30:02","modified_gmt":"2023-09-28T15:30:02","slug":"carregador-xiaomi-mi-band-5-6-7-novo","status":"publish","type":"product","link":"https:\/\/benigal.eu\/index.php\/product\/carregador-xiaomi-mi-band-5-6-7-novo\/","title":{"rendered":"Carregador Xiaomi Mi Band 5 &#8211; 6 &#8211; 7"},"content":{"rendered":"<p>Carregador compativel com:<br \/>\nXiaomi Mi Band 5\/ Xiaomi Mi Band 6 \/ Mi Band 7 \/ Amazfit Band 5.<\/p>\n<p>Este cable carregador est\u00e1 especialmente desenhado para Xiaomi Mi Smart Band 5\/Mi Band 6 \/ Mi Band 7.<\/p>\n<p>Compacto e leve: Design compacto e leve, conveniente para viajantes e usu\u00e1rios de neg\u00f3cios.<\/p>\n<p>Substitui\u00e7\u00e3o perfeita do carregador Mi Band 6 para tornar sua vida mais conveniente, voc\u00ea pode mudar seu tempo de inspira\u00e7\u00e3o em casa, escrit\u00f3rio, carro ou viagem.<\/p>\n<p>Nota: Por favor, conecte-o \u00e0 porta USB do PC, laptop, Mac ou notebook.<\/p>\n<p>Carregamento seguro e r\u00e1pido: O cabo do carregador CAVN compat\u00edvel com Xiaomi Band 5\/Xiaomi Mi Band 6 Mi Band 7 possui regulador de tens\u00e3o e PTC dentro para proteger sua inspira\u00e7\u00e3o hr contra danos de sobrecorrente quando conectado \u00e0 fonte de alimenta\u00e7\u00e3o.<\/p>\n<p>O Smart IC dentro do nosso cabo de carregamento garante uma velocidade de carregamento r\u00e1pida e est\u00e1vel.<\/p>\n<p>Qualidade Premium e Dur\u00e1vel: Feito de material de PC dur\u00e1vel e pl\u00e1stico ABS liso, dur\u00e1vel e resistente a arranh\u00f5es.<\/p>\n<p>Este cabo carregador de substitui\u00e7\u00e3o Xiaomi Band 5\/Mi Band 6 Mi Band 7 pode suportar mais de 10.000 testes de inser\u00e7\u00e3o e remo\u00e7\u00e3o.<\/p>\n<p>Traga uma boa experi\u00eancia de carregamento para o seu rel\u00f3gio inteligente Mi Band 5 \/ 6 \/ 7.<\/p>\n","protected":false},"excerpt":{"rendered":"<p>Carregador compativel com Xiaomi Mi Band 5 \/ 6 \/ 7<\/p>\n","protected":false},"featured_media":2417,"template":"","meta":[],"product_cat":[15,55],"product_tag":[],"jetpack_sharing_enabled":true,"_links":{"self":[{"href":"https:\/\/benigal.eu\/index.php\/wp-json\/wp\/v2\/product\/1759"}],"collection":[{"href":"https:\/\/benigal.eu\/index.php\/wp-json\/wp\/v2\/product"}],"about":[{"href":"https:\/\/benigal.eu\/index.php\/wp-json\/wp\/v2\/types\/product"}],"wp:featuredmedia":[{"embeddable":true,"href":"https:\/\/benigal.eu\/index.php\/wp-json\/wp\/v2\/media\/2417"}],"wp:attachment":[{"href":"https:\/\/benigal.eu\/index.php\/wp-json\/wp\/v2\/media?parent=1759"}],"wp:term":[{"taxonomy":"product_cat","embeddable":true,"href":"https:\/\/benigal.eu\/index.php\/wp-json\/wp\/v2\/product_cat?post=1759"},{"taxonomy":"product_tag","embeddable":true,"href":"https:\/\/benigal.eu\/index.php\/wp-json\/wp\/v2\/product_tag?post=1759"}],"curies":[{"name":"wp","href":"https:\/\/api.w.org\/{rel}","templated":true}]}}