{"id":2028,"date":"2023-09-23T11:40:40","date_gmt":"2023-09-23T11:40:40","guid":{"rendered":"https:\/\/benigal.eu\/?post_type=product&#038;p=2028"},"modified":"2023-12-28T12:28:21","modified_gmt":"2023-12-28T12:28:21","slug":"cabo-carregador-extra-largo-usb-lighthing-iphone-3-metros","status":"publish","type":"product","link":"https:\/\/benigal.eu\/index.php\/product\/cabo-carregador-extra-largo-usb-lighthing-iphone-3-metros\/","title":{"rendered":"Cabo Carregador Extra largo USB lighthing Iphone 3 metros"},"content":{"rendered":"<p>Cabo Carregador USB para Iphone Extra largo e resistente.<\/p>\n<p>Comprimento 3 metros<\/p>\n<p>Cor Preto e Branco<\/p>\n<p>Cabo carregador USB extra largo, flex\u00edvel.<\/p>\n<p>Cabos de Mais Alto padr\u00e3o de qualidade, coberto por qualidade premium jaqueta de nylon tran\u00e7ado.<\/p>\n<p>Estes cabos s\u00e3o resistentes o suficiente para suportar o uso pesado, mas ainda em \u00f3timo desempenho.<\/p>\n<p>Desempenho perfeito. DATA-SYNC &amp; CARREGAMENTO R\u00c1PIDO (USB 2.0): suporta seguran\u00e7a de alta-velocidade de carregamento (5 V\/3A) e r\u00e1pida transfer\u00eancia de dados (480 Mbps). * N\u00e3o \u00e9 Compat\u00edvel com o Tipo C ou Micro. Sua durabilidade, conectividade, compatibilidade, eo desempenho \u00e9 perfeito!<\/p>\n<p>Materiais de cobertura Tecido de Nylon.<\/p>\n<p>N\u00facleo do Cabo Cobre: 60*0.08 * 2C para carregamento + 40*0.08 * 2C para dados<\/p>\n<p>Fun\u00e7\u00e3o A transfer\u00eancia de dados e carregador r\u00e1pido<\/p>\n","protected":false},"excerpt":{"rendered":"<p>Cabo Carregador Extra largo USB lighthing Iphone 3 metros Resistente<\/p>\n","protected":false},"featured_media":2025,"template":"","meta":[],"product_cat":[55],"product_tag":[],"jetpack_sharing_enabled":true,"_links":{"self":[{"href":"https:\/\/benigal.eu\/index.php\/wp-json\/wp\/v2\/product\/2028"}],"collection":[{"href":"https:\/\/benigal.eu\/index.php\/wp-json\/wp\/v2\/product"}],"about":[{"href":"https:\/\/benigal.eu\/index.php\/wp-json\/wp\/v2\/types\/product"}],"wp:featuredmedia":[{"embeddable":true,"href":"https:\/\/benigal.eu\/index.php\/wp-json\/wp\/v2\/media\/2025"}],"wp:attachment":[{"href":"https:\/\/benigal.eu\/index.php\/wp-json\/wp\/v2\/media?parent=2028"}],"wp:term":[{"taxonomy":"product_cat","embeddable":true,"href":"https:\/\/benigal.eu\/index.php\/wp-json\/wp\/v2\/product_cat?post=2028"},{"taxonomy":"product_tag","embeddable":true,"href":"https:\/\/benigal.eu\/index.php\/wp-json\/wp\/v2\/product_tag?post=2028"}],"curies":[{"name":"wp","href":"https:\/\/api.w.org\/{rel}","templated":true}]}}