{"id":2198,"date":"2023-09-25T15:09:15","date_gmt":"2023-09-25T15:09:15","guid":{"rendered":"https:\/\/benigal.eu\/?post_type=product&#038;p=2198"},"modified":"2024-04-04T14:27:20","modified_gmt":"2024-04-04T14:27:20","slug":"sementes-metasequoia-glyptostroboides-metasequoia-saflax","status":"publish","type":"product","link":"https:\/\/benigal.eu\/index.php\/product\/sementes-metasequoia-glyptostroboides-metasequoia-saflax\/","title":{"rendered":"Pacote de Sementes Saflax Metasequoia glyptostroboides"},"content":{"rendered":"<p>Metasequoia glyptostroboides. 60 sementes por pacote. Sementes de qualidade alem\u00e3.<\/p>\n<p>Instru\u00e7\u00f5es detalhadas para propaga\u00e7\u00e3o bem-sucedida.<\/p>\n<p>Em seu ambiente natural, s\u00e3o conhecidas apenas pequenas popula\u00e7\u00f5es reluzentes na China. Desde a sua redescoberta no entanto, foi plantada em parques ao redor do mundo como uma \u00e1rvore ornamental. No seu habitat natural, encontra-se principalmente nos riachos e ribeiros de rios e barrancos h\u00famidos.<\/p>\n<p>A sequoia do amanhecer \u00e9 uma planta verde no ver\u00e3o e atinge uma altura de at\u00e9 30 metros; no seu habitat natural pode ser de at\u00e9 50 metros. Sua base parece claramente alargada. As \u00e1rvores sequoia do amanhecer apresentam uma coroa piramidal que aparece mais larga e redonda em \u00e1rvores mais velhas.<\/p>\n<p>Bonsai: N\u00e3o<\/p>\n","protected":false},"excerpt":{"rendered":"<p>Metasequoia glyptostroboides. 60 sementes por pacote. Sementes de qualidade alem\u00e3.<\/p>\n","protected":false},"featured_media":2200,"template":"","meta":[],"product_cat":[15],"product_tag":[],"jetpack_sharing_enabled":true,"_links":{"self":[{"href":"https:\/\/benigal.eu\/index.php\/wp-json\/wp\/v2\/product\/2198"}],"collection":[{"href":"https:\/\/benigal.eu\/index.php\/wp-json\/wp\/v2\/product"}],"about":[{"href":"https:\/\/benigal.eu\/index.php\/wp-json\/wp\/v2\/types\/product"}],"wp:featuredmedia":[{"embeddable":true,"href":"https:\/\/benigal.eu\/index.php\/wp-json\/wp\/v2\/media\/2200"}],"wp:attachment":[{"href":"https:\/\/benigal.eu\/index.php\/wp-json\/wp\/v2\/media?parent=2198"}],"wp:term":[{"taxonomy":"product_cat","embeddable":true,"href":"https:\/\/benigal.eu\/index.php\/wp-json\/wp\/v2\/product_cat?post=2198"},{"taxonomy":"product_tag","embeddable":true,"href":"https:\/\/benigal.eu\/index.php\/wp-json\/wp\/v2\/product_tag?post=2198"}],"curies":[{"name":"wp","href":"https:\/\/api.w.org\/{rel}","templated":true}]}}