{"id":2534,"date":"2023-12-07T12:23:46","date_gmt":"2023-12-07T12:23:46","guid":{"rendered":"https:\/\/benigal.eu\/?post_type=product&#038;p=2534"},"modified":"2023-12-07T12:23:46","modified_gmt":"2023-12-07T12:23:46","slug":"microfone-karaoke-bluetooth-sem-fio-luzes-led-gravacao","status":"publish","type":"product","link":"https:\/\/benigal.eu\/index.php\/product\/microfone-karaoke-bluetooth-sem-fio-luzes-led-gravacao\/","title":{"rendered":"Microfone Karaoke Bluetooth Sem Fio Luzes LED Grava\u00e7\u00e3o"},"content":{"rendered":"<p>Microfone com Bluetooth de karaoke, sem fio, port\u00e1til com alto-falante e luzes LED, reprodutor de KTV dom\u00e9stico com fun\u00e7\u00e3o de grava\u00e7\u00e3o.<\/p>\n<p>Cor: Azul.<\/p>\n<p>Multifun\u00e7\u00f5es: microfone de karaoke port\u00e1til que lhe permite cantar a qualquer hora e em qualquer lugar. Pode gravar m\u00fasicas e atuar como simulador de voz. Tamb\u00e9m \u00e9 um \u00f3timo altifalante se quiser apenas desfrutar da m\u00fasica. O mais surpreendente \u00e9 que tamb\u00e9m pode ser usado como controlo remoto Bluetooth para uma f\u00e1cil experi\u00eancia de disparo com telefones IOS e Android. Permite tirar fotos ou fazer v\u00eddeos \u00e0 dist\u00e2ncia. (Conecte Bluetooth, ligue a c\u00e2mara, pressione o &#8220;Scan&#8221;).<\/p>\n<p>GZRD Qualidade de som superior: este microfone de karaoke infantil est\u00e1 equipado com um chip DSP de processamento de som personalizado, altifalante integrado de alta pot\u00eancia de 6 W, som est\u00e9reo envolvente 3D e cabe\u00e7a de microfone com redu\u00e7\u00e3o de ru\u00eddo, processador de som profissional e sistema de ajuste podem proporcionar um ambiente sonoro ao vivo perfeito e uma maravilhosa reverbera\u00e7\u00e3o do eco. Existem cinco modos de voz: original, infantil, feminino, masculino e voz maior.<\/p>\n<p>F\u00e1cil de usar: os bot\u00f5es multifun\u00e7\u00f5es podem ajustar a m\u00fasica, Echo, volume e PA\/R. Livre para alterar o modo de m\u00fasica anterior e seguinte. Compat\u00edvel com iOS e Android, iPad, port\u00e1teis, televisores e leitores de MP3 ou PC&#8230; e o Bluetooth tem uma longa dist\u00e2ncia para receber o sinal (cerca de 15 m). A porta USB permite-lhe ligar USB e converter esta pe\u00e7a m\u00e1gica em MP3 e reproduzir diretamente. Compat\u00edvel com cart\u00e3o micro SD com um m\u00e1ximo de 32 GB (n\u00e3o inclu\u00eddo).<\/p>\n<p>Luzes LED din\u00e2micas: o mais recente design elegante. As luzes LED coloridas do microfone sem fios piscam com m\u00fasica e m\u00fasicas. As cores brilhantes tornam o centro das aten\u00e7\u00f5es. Este microfone Bluetooth port\u00e1til \u00e9 uma excelente op\u00e7\u00e3o para presentes de anivers\u00e1rio de crian\u00e7as, presentes para adultos, festas, concertos, forma\u00e7\u00e3o de equipes, ensino, Natal e dias de viagem festiva.<\/p>\n<p>Tempo feliz mais longo: a bateria recarreg\u00e1vel incorporada de 3000 Amh pode garantir que o microfone sem fios Karaoke funcione por 12 horas ap\u00f3s 3-4 horas de carregamento. O tempo de espera \u00e9 superior a 30 dias, o tempo de uso \u00e9 mais longo e mais est\u00e1vel, tornando o canto mais livre.<\/p>\n","protected":false},"excerpt":{"rendered":"<p>Microfone com Bluetooth de karaoke, sem fio, port\u00e1til com alto-falante e luzes LED, reprodutor de KTV dom\u00e9stico com fun\u00e7\u00e3o de grava\u00e7\u00e3o. Cor: Azul<\/p>\n","protected":false},"featured_media":2541,"template":"","meta":[],"product_cat":[56,62,55],"product_tag":[],"jetpack_sharing_enabled":true,"_links":{"self":[{"href":"https:\/\/benigal.eu\/index.php\/wp-json\/wp\/v2\/product\/2534"}],"collection":[{"href":"https:\/\/benigal.eu\/index.php\/wp-json\/wp\/v2\/product"}],"about":[{"href":"https:\/\/benigal.eu\/index.php\/wp-json\/wp\/v2\/types\/product"}],"wp:featuredmedia":[{"embeddable":true,"href":"https:\/\/benigal.eu\/index.php\/wp-json\/wp\/v2\/media\/2541"}],"wp:attachment":[{"href":"https:\/\/benigal.eu\/index.php\/wp-json\/wp\/v2\/media?parent=2534"}],"wp:term":[{"taxonomy":"product_cat","embeddable":true,"href":"https:\/\/benigal.eu\/index.php\/wp-json\/wp\/v2\/product_cat?post=2534"},{"taxonomy":"product_tag","embeddable":true,"href":"https:\/\/benigal.eu\/index.php\/wp-json\/wp\/v2\/product_tag?post=2534"}],"curies":[{"name":"wp","href":"https:\/\/api.w.org\/{rel}","templated":true}]}}