{"id":2547,"date":"2023-12-16T11:19:14","date_gmt":"2023-12-16T11:19:14","guid":{"rendered":"https:\/\/benigal.eu\/?post_type=product&#038;p=2547"},"modified":"2024-10-02T15:12:17","modified_gmt":"2024-10-02T15:12:17","slug":"carro-barbie-descapotavel-2-lugares-mattel-hbt92","status":"publish","type":"product","link":"https:\/\/benigal.eu\/index.php\/product\/carro-barbie-descapotavel-2-lugares-mattel-hbt92\/","title":{"rendered":"Carro Barbie Descapot\u00e1vel 2 lugares Mattel HBT92"},"content":{"rendered":"<p>O carro tem um design desportivo com o exterior em rosa, o interior preto e detalhes realistas, como cintos de seguran\u00e7a, um espelho retrovisor e uma grade preta mate.<\/p>\n<p>Insira as 2 bonecas Barbie no descapot\u00e1vel e empurre-o para a aventura com rodas girat\u00f3rias e pneus realistas. (Bonecas n\u00e3o inclu\u00eddas).<\/p>\n<p>Leve a hist\u00f3ria para l\u00e1 onde a sua imagina\u00e7\u00e3o leve neste descapot\u00e1vel desportivo da Barbie.<\/p>\n<p>O estilo emblem\u00e1tico da boneca Barbie brilha neste ve\u00edculo que possui uma placa de matr\u00edcula personalizada e um ornamento com a silhueta da Barbie no spoiler<\/p>\n<p>Com detalhes divertidos e toques realistas, este ve\u00edculo da Barbie \u00e9 um presente magn\u00edfico para meninas dos 3 aos 7 anos. \u00c9 muito divertido imaginar todas as possibilidades narrativas, porque com a Barbie, pode ser o que quiser!<\/p>\n","protected":false},"excerpt":{"rendered":"<p>Barbie Rosa descart\u00e1vel com 2 lugares para bonecas, carro de brinquedo, presente para meninas e meninos + 3 anos (Mattel HBT92)<\/p>\n","protected":false},"featured_media":2548,"template":"","meta":[],"product_cat":[60,56],"product_tag":[],"jetpack_sharing_enabled":true,"_links":{"self":[{"href":"https:\/\/benigal.eu\/index.php\/wp-json\/wp\/v2\/product\/2547"}],"collection":[{"href":"https:\/\/benigal.eu\/index.php\/wp-json\/wp\/v2\/product"}],"about":[{"href":"https:\/\/benigal.eu\/index.php\/wp-json\/wp\/v2\/types\/product"}],"wp:featuredmedia":[{"embeddable":true,"href":"https:\/\/benigal.eu\/index.php\/wp-json\/wp\/v2\/media\/2548"}],"wp:attachment":[{"href":"https:\/\/benigal.eu\/index.php\/wp-json\/wp\/v2\/media?parent=2547"}],"wp:term":[{"taxonomy":"product_cat","embeddable":true,"href":"https:\/\/benigal.eu\/index.php\/wp-json\/wp\/v2\/product_cat?post=2547"},{"taxonomy":"product_tag","embeddable":true,"href":"https:\/\/benigal.eu\/index.php\/wp-json\/wp\/v2\/product_tag?post=2547"}],"curies":[{"name":"wp","href":"https:\/\/api.w.org\/{rel}","templated":true}]}}