{"id":2582,"date":"2024-02-03T13:01:57","date_gmt":"2024-02-03T13:01:57","guid":{"rendered":"https:\/\/benigal.eu\/?post_type=product&#038;p=2582"},"modified":"2025-04-23T15:04:49","modified_gmt":"2025-04-23T15:04:49","slug":"relogio-casio-vintage-f-91w","status":"publish","type":"product","link":"https:\/\/benigal.eu\/index.php\/product\/relogio-casio-vintage-f-91w\/","title":{"rendered":"Rel\u00f3gio Casio Vintage F-91W"},"content":{"rendered":"<p>O Casio F-91W \u00e9 um rel\u00f3gio digital de quartzo fabricado pela empresa japonesa de produtos eletr\u00f4nicos Casio.<\/p>\n<p>Lan\u00e7ado em 1989 e ainda estando em produ\u00e7\u00e3o at\u00e9 os dias atuais, o modelo se tornou bastante popular por sua simplicidade, confiabilidade e seu design simples e despretensioso, que n\u00e3o sofreu nenhuma altera\u00e7\u00e3o desde a sua introdu\u00e7\u00e3o no mercado.<\/p>\n<p>O rel\u00f3gio originou uma s\u00e9rie de modelos derivados da chamada S\u00e9rie F de rel\u00f3gios da Casio.<\/p>\n<p>Apesar da Casio j\u00e1 ter afirmado que o modelo &#8220;vende bastante&#8221; at\u00e9 os dias de hoje, a empresa n\u00e3o costuma divulgar amplamente os n\u00fameros de vendagem do rel\u00f3gio. Estima-se, contudo, que a produ\u00e7\u00e3o anual do F-91W \u00e9 de cerca de tr\u00eas milh\u00f5es de unidades.<\/p>\n<p>Projetado pelo designer Ryusuke Moriai, a caixa do rel\u00f3gio mede 33,5mm por 38mm entre os encaixes das pulseiras e pesa 21 gramas.<\/p>\n<p>A caixa que abriga o visor do rel\u00f3gio \u00e9 feita de pl\u00e1stico, possuindo uma tampa traseira feita de a\u00e7o inoxid\u00e1vel com o n\u00famero do m\u00f3dulo do fabricante, 593, estampado nela.<\/p>\n<p>Sua pulseira \u00e9 feita de resina, possuindo 18mm (0,71 pol) nas conex\u00f5es com a caixa. O F-91W marcou o primeiro trabalho de Moriai para a Casio.<\/p>\n","protected":false},"excerpt":{"rendered":"<p>Rel\u00f3gio Casio Vintage F-91W &#8211; 1YER<\/p>\n","protected":false},"featured_media":2583,"template":"","meta":[],"product_cat":[61,55],"product_tag":[],"jetpack_sharing_enabled":true,"_links":{"self":[{"href":"https:\/\/benigal.eu\/index.php\/wp-json\/wp\/v2\/product\/2582"}],"collection":[{"href":"https:\/\/benigal.eu\/index.php\/wp-json\/wp\/v2\/product"}],"about":[{"href":"https:\/\/benigal.eu\/index.php\/wp-json\/wp\/v2\/types\/product"}],"wp:featuredmedia":[{"embeddable":true,"href":"https:\/\/benigal.eu\/index.php\/wp-json\/wp\/v2\/media\/2583"}],"wp:attachment":[{"href":"https:\/\/benigal.eu\/index.php\/wp-json\/wp\/v2\/media?parent=2582"}],"wp:term":[{"taxonomy":"product_cat","embeddable":true,"href":"https:\/\/benigal.eu\/index.php\/wp-json\/wp\/v2\/product_cat?post=2582"},{"taxonomy":"product_tag","embeddable":true,"href":"https:\/\/benigal.eu\/index.php\/wp-json\/wp\/v2\/product_tag?post=2582"}],"curies":[{"name":"wp","href":"https:\/\/api.w.org\/{rel}","templated":true}]}}