{"id":2666,"date":"2024-02-24T12:19:31","date_gmt":"2024-02-24T12:19:31","guid":{"rendered":"https:\/\/benigal.eu\/?post_type=product&#038;p=2666"},"modified":"2024-05-31T15:30:31","modified_gmt":"2024-05-31T15:30:31","slug":"bussola-verde-militar-profissional-com-inclinometro-ip65","status":"publish","type":"product","link":"https:\/\/benigal.eu\/index.php\/product\/bussola-verde-militar-profissional-com-inclinometro-ip65\/","title":{"rendered":"B\u00fassola verde militar profissional com Inclin\u00f3metro- IP65"},"content":{"rendered":"<p>A b\u00fassola tamb\u00e9m \u00e9 chamada de flecha norte, pelo que a marca que aponta na b\u00fassola \u00e9 o norte. O segundo ponto \u00e9 que a b\u00fassola \u00e9 magn\u00e9tica e devemos manter-nos longe dos objetos magn\u00e9ticos quando a usamos. .O terceiro ponto \u00e9 que na hora de usar a b\u00fassola para olhar para a dire\u00e7\u00e3o, esta deve ser colocada horizontalmente.<\/p>\n<p>Precis\u00e3o e forte praticidade: esta b\u00fassola \u00e9 feita de liga de zinco de alta resist\u00eancia, \u00e9 resistente o suficiente para funcionar em muitas condi\u00e7\u00f5es clim\u00e1ticas. Os n\u00edveis de bolhas podem aumentar a sua precis\u00e3o e reduzir erros. O design especial da luz fluorescente permite que a b\u00fassola continue a fornecer dados de dire\u00e7\u00e3o num ambiente escuro ap\u00f3s absorver luz solar suficiente.<\/p>\n<p>Ocasi\u00f5es e pessoas aplic\u00e1veis: esta b\u00fassola \u00e9 imperme\u00e1vel e \u00e0 prova de choque, adequada para conduzir, acampar, caminhadas, aventura, ca\u00e7a e outras atividades ao ar livre, por isso esta b\u00fassola \u00e9 uma boa ferramenta para mochileiros, campistas, excursionistas, ca\u00e7adores, ge\u00f3logos para fazer atividades ao ar livre.<\/p>\n<p>Fun\u00e7\u00e3o: a b\u00fassola \u00e9 usada para posicionamento b\u00e1sico. A b\u00fassola vem com uma bolsa e cord\u00e3o que pode ser pendurada ao redor do seu pesco\u00e7o ou bolso.<\/p>\n","protected":false},"excerpt":{"rendered":"<p>B\u00fassola profissional e resistente CON INCLINOMETRO<\/p>\n","protected":false},"featured_media":2667,"template":"","meta":[],"product_cat":[59,58],"product_tag":[],"jetpack_sharing_enabled":true,"_links":{"self":[{"href":"https:\/\/benigal.eu\/index.php\/wp-json\/wp\/v2\/product\/2666"}],"collection":[{"href":"https:\/\/benigal.eu\/index.php\/wp-json\/wp\/v2\/product"}],"about":[{"href":"https:\/\/benigal.eu\/index.php\/wp-json\/wp\/v2\/types\/product"}],"wp:featuredmedia":[{"embeddable":true,"href":"https:\/\/benigal.eu\/index.php\/wp-json\/wp\/v2\/media\/2667"}],"wp:attachment":[{"href":"https:\/\/benigal.eu\/index.php\/wp-json\/wp\/v2\/media?parent=2666"}],"wp:term":[{"taxonomy":"product_cat","embeddable":true,"href":"https:\/\/benigal.eu\/index.php\/wp-json\/wp\/v2\/product_cat?post=2666"},{"taxonomy":"product_tag","embeddable":true,"href":"https:\/\/benigal.eu\/index.php\/wp-json\/wp\/v2\/product_tag?post=2666"}],"curies":[{"name":"wp","href":"https:\/\/api.w.org\/{rel}","templated":true}]}}