{"id":2716,"date":"2024-04-18T14:46:58","date_gmt":"2024-04-18T14:46:58","guid":{"rendered":"https:\/\/benigal.eu\/?post_type=product&#038;p=2716"},"modified":"2024-10-09T15:12:24","modified_gmt":"2024-10-09T15:12:24","slug":"kit-de-reparacao-pneus","status":"publish","type":"product","link":"https:\/\/benigal.eu\/index.php\/product\/kit-de-reparacao-pneus\/","title":{"rendered":"Kit de Repara\u00e7\u00e3o R\u00e1pida de Pneus"},"content":{"rendered":"<p>O kit de repara\u00e7\u00e3o de pneus inclui:<\/p>\n<p>Tiras de repara\u00e7\u00e3o * 20, tampas de v\u00e1lvulas* 8,par de luvas de ferramentas* 1, ferramenta de tamponamento * 1, ferramenta quatro em um * 1, parafuso hexagonal * 1, cabo de parafuso * 1, folha amarela pequena * 1, chave L * 1.<\/p>\n<p>Material de alta qualidade, o a\u00e7o cromado aumenta a vida \u00fatil. N\u00e3o \u00e9 f\u00e1cil oxidar e n\u00e3o fere as m\u00e3os em clima frio. \u00c9 resistente \u00e0 oxida\u00e7\u00e3o, possui alta dureza, n\u00e3o \u00e9 f\u00e1cil de deformar e pode penetrar facilmente. a roda de borracha.<\/p>\n<p>Repara\u00e7\u00f5es r\u00e1pidas e simples de pequenos orif\u00edcios em pneus com um conjunto completo de acess\u00f3rios, grande capacidade e muitas fun\u00e7\u00f5es, robusto e duradouro.<\/p>\n<p>Multifuncional, modelos aplic\u00e1veis em motocicletas, cami\u00f5es, tratores, jipes, ATV, corta-relvas, SUV, autom\u00f3veis.<\/p>\n<p>Ferramentas com cabo em T de design ergon\u00f3mico a ferramenta adequada para o trabalho facilita a repara\u00e7\u00e3o de furos em qualquer pneu sem c\u00e2mara em poucos minutos<\/p>\n","protected":false},"excerpt":{"rendered":"<p>38 pe\u00e7as ferramenta de repara\u00e7\u00e3o de furos para pneus kit anti furos<\/p>\n","protected":false},"featured_media":2717,"template":"","meta":[],"product_cat":[62,58,15],"product_tag":[],"jetpack_sharing_enabled":true,"_links":{"self":[{"href":"https:\/\/benigal.eu\/index.php\/wp-json\/wp\/v2\/product\/2716"}],"collection":[{"href":"https:\/\/benigal.eu\/index.php\/wp-json\/wp\/v2\/product"}],"about":[{"href":"https:\/\/benigal.eu\/index.php\/wp-json\/wp\/v2\/types\/product"}],"wp:featuredmedia":[{"embeddable":true,"href":"https:\/\/benigal.eu\/index.php\/wp-json\/wp\/v2\/media\/2717"}],"wp:attachment":[{"href":"https:\/\/benigal.eu\/index.php\/wp-json\/wp\/v2\/media?parent=2716"}],"wp:term":[{"taxonomy":"product_cat","embeddable":true,"href":"https:\/\/benigal.eu\/index.php\/wp-json\/wp\/v2\/product_cat?post=2716"},{"taxonomy":"product_tag","embeddable":true,"href":"https:\/\/benigal.eu\/index.php\/wp-json\/wp\/v2\/product_tag?post=2716"}],"curies":[{"name":"wp","href":"https:\/\/api.w.org\/{rel}","templated":true}]}}