{"id":2744,"date":"2024-04-25T10:12:00","date_gmt":"2024-04-25T10:12:00","guid":{"rendered":"https:\/\/benigal.eu\/?post_type=product&#038;p=2744"},"modified":"2025-08-28T08:52:04","modified_gmt":"2025-08-28T08:52:04","slug":"serum-babaria-vitamina-c-30-ml","status":"publish","type":"product","link":"https:\/\/benigal.eu\/index.php\/product\/serum-babaria-vitamina-c-30-ml\/","title":{"rendered":"Serum babaria Vitamina C 30 ml"},"content":{"rendered":"<p>Serum Vitamina C 30ml &#8211; Vegano, Cruelty-Free, Org\u00e2nico ajuda a eliminar Rugas Hidrata\u00e7\u00e3o Suave E F\u00e1cil Absor\u00e7\u00e3o Para Rosto E Olhos.<\/p>\n<p>S\u00e9rum leve com um ativo inovador derivado da vitamina C em combina\u00e7\u00e3o com vitamina E.<\/p>\n<p>Absor\u00e7\u00e3o r\u00e1pida, estimula a s\u00edntese de \u00e1cido Hialur\u00f4nico e do colag\u00e9nio natural da pele, melhorando a sua flexibilidade e tem um efeito anti idade.<\/p>\n<p>Aumenta o brilho da pele e reduz as manchas pela idade, proporcionando uma pele mais brilhante<\/p>\n<p>Prote\u00e7\u00e3o urbana ideal e antipolui\u00e7\u00e3o. Diminui\u00e7\u00e3o de radicais livres<\/p>\n<p>Recomendado para todas as idades e para todos os tipos de pele.<\/p>\n","protected":false},"excerpt":{"rendered":"<p>Vegano Cuidado da pele e rosto<\/p>\n","protected":false},"featured_media":2750,"template":"","meta":[],"product_cat":[63],"product_tag":[],"jetpack_sharing_enabled":true,"_links":{"self":[{"href":"https:\/\/benigal.eu\/index.php\/wp-json\/wp\/v2\/product\/2744"}],"collection":[{"href":"https:\/\/benigal.eu\/index.php\/wp-json\/wp\/v2\/product"}],"about":[{"href":"https:\/\/benigal.eu\/index.php\/wp-json\/wp\/v2\/types\/product"}],"wp:featuredmedia":[{"embeddable":true,"href":"https:\/\/benigal.eu\/index.php\/wp-json\/wp\/v2\/media\/2750"}],"wp:attachment":[{"href":"https:\/\/benigal.eu\/index.php\/wp-json\/wp\/v2\/media?parent=2744"}],"wp:term":[{"taxonomy":"product_cat","embeddable":true,"href":"https:\/\/benigal.eu\/index.php\/wp-json\/wp\/v2\/product_cat?post=2744"},{"taxonomy":"product_tag","embeddable":true,"href":"https:\/\/benigal.eu\/index.php\/wp-json\/wp\/v2\/product_tag?post=2744"}],"curies":[{"name":"wp","href":"https:\/\/api.w.org\/{rel}","templated":true}]}}