{"id":2783,"date":"2024-05-31T14:39:15","date_gmt":"2024-05-31T14:39:15","guid":{"rendered":"https:\/\/benigal.eu\/?post_type=product&#038;p=2783"},"modified":"2025-11-19T16:21:20","modified_gmt":"2025-11-19T16:21:20","slug":"barber-tools-oleo-de-ricino-100-natural-prensado-ao-frio-em-spray-150ml","status":"publish","type":"product","link":"https:\/\/benigal.eu\/index.php\/product\/barber-tools-oleo-de-ricino-100-natural-prensado-ao-frio-em-spray-150ml\/","title":{"rendered":"Orgaliane \u00d3leo de R\u00edcino 100% Natural prensado ao frio 150ml"},"content":{"rendered":"<p>\u00d3leo de r\u00edcino 100% puro, n\u00e3o refinado e prensado a frio, procedente da \u00cdndia.<br \/>\n\u00c9 muito apreciado pela beleza da pele, cabelo e unhas.<br \/>\nO \u00f3leo de r\u00edcino \u00e9 um daqueles tesouros inevit\u00e1veis da natureza que deve ter sempre \u00e0 m\u00e3o.<br \/>\n\u00c9 rico em \u00e1cidos graxos e vitamina E.<br \/>\nUtiliza\u00e7\u00e3o: Pestanas, sobrancelhas, corpo, cabelo, barba, unhas.<\/p>\n","protected":false},"excerpt":{"rendered":"<p>Ideal para pestanas, sobrancelhas, corpo, cabelo, barba, unhas, \u00f3leo de r\u00edcino, sem hexano, sem org\u00e2nico (150 ml)<\/p>\n","protected":false},"featured_media":2791,"template":"","meta":[],"product_cat":[61,63],"product_tag":[],"jetpack_sharing_enabled":true,"_links":{"self":[{"href":"https:\/\/benigal.eu\/index.php\/wp-json\/wp\/v2\/product\/2783"}],"collection":[{"href":"https:\/\/benigal.eu\/index.php\/wp-json\/wp\/v2\/product"}],"about":[{"href":"https:\/\/benigal.eu\/index.php\/wp-json\/wp\/v2\/types\/product"}],"wp:featuredmedia":[{"embeddable":true,"href":"https:\/\/benigal.eu\/index.php\/wp-json\/wp\/v2\/media\/2791"}],"wp:attachment":[{"href":"https:\/\/benigal.eu\/index.php\/wp-json\/wp\/v2\/media?parent=2783"}],"wp:term":[{"taxonomy":"product_cat","embeddable":true,"href":"https:\/\/benigal.eu\/index.php\/wp-json\/wp\/v2\/product_cat?post=2783"},{"taxonomy":"product_tag","embeddable":true,"href":"https:\/\/benigal.eu\/index.php\/wp-json\/wp\/v2\/product_tag?post=2783"}],"curies":[{"name":"wp","href":"https:\/\/api.w.org\/{rel}","templated":true}]}}