{"id":2797,"date":"2024-06-17T16:18:51","date_gmt":"2024-06-17T16:18:51","guid":{"rendered":"https:\/\/benigal.eu\/?post_type=product&#038;p=2797"},"modified":"2024-07-25T15:49:56","modified_gmt":"2024-07-25T15:49:56","slug":"bestway-fast-set-piscina-insuflavel-183-x-51-cm","status":"publish","type":"product","link":"https:\/\/benigal.eu\/index.php\/product\/bestway-fast-set-piscina-insuflavel-183-x-51-cm\/","title":{"rendered":"BESTWAY Fast Set Piscina insufl\u00e1vel 183 x 51 cm"},"content":{"rendered":"<p>Piscina est\u00e1vel e indicada como piscina para crian\u00e7as acima dos 6 anos, sempre sob a supervis\u00e3o de um adulto.<\/p>\n<p>Montagem simples: esta piscina de argola insufl\u00e1vel \u00e9 r\u00e1pida de instalar e f\u00e1cil de guardar, basta encher o seu aro superior e ench\u00ea-lo com \u00e1gua.<\/p>\n<p>Uso infantil &#8211; as crian\u00e7as v\u00e3o divertir-se e exercitar-se ajudando no desenvolvimento das capacidades motoras e psicomotoras.<\/p>\n<p>Prote\u00e7\u00e3o: para prolongar a sua dura\u00e7\u00e3o, \u00e9 constru\u00edda com tritech, um material refor\u00e7ado com tr\u00eas camadas resistente contra furos.<\/p>\n<p>Inclui piscina insufl\u00e1vel redonda para crian\u00e7as Fast Set da Bestway 183 x 51 cm e um adesivo de repara\u00e7\u00e3o autoadesivo<\/p>\n<p>Dimens\u00f5es do produto 183C x 183L x 51A cent\u00edmetros<\/p>\n","protected":false},"excerpt":{"rendered":"<p>BESTWAY 57392 Fast Set Piscina insufl\u00e1vel para crian\u00e7as, azul, \u00d8 183 x 51 cm<\/p>\n","protected":false},"featured_media":2802,"template":"","meta":[],"product_cat":[60,56,62],"product_tag":[],"jetpack_sharing_enabled":true,"_links":{"self":[{"href":"https:\/\/benigal.eu\/index.php\/wp-json\/wp\/v2\/product\/2797"}],"collection":[{"href":"https:\/\/benigal.eu\/index.php\/wp-json\/wp\/v2\/product"}],"about":[{"href":"https:\/\/benigal.eu\/index.php\/wp-json\/wp\/v2\/types\/product"}],"wp:featuredmedia":[{"embeddable":true,"href":"https:\/\/benigal.eu\/index.php\/wp-json\/wp\/v2\/media\/2802"}],"wp:attachment":[{"href":"https:\/\/benigal.eu\/index.php\/wp-json\/wp\/v2\/media?parent=2797"}],"wp:term":[{"taxonomy":"product_cat","embeddable":true,"href":"https:\/\/benigal.eu\/index.php\/wp-json\/wp\/v2\/product_cat?post=2797"},{"taxonomy":"product_tag","embeddable":true,"href":"https:\/\/benigal.eu\/index.php\/wp-json\/wp\/v2\/product_tag?post=2797"}],"curies":[{"name":"wp","href":"https:\/\/api.w.org\/{rel}","templated":true}]}}