{"id":2803,"date":"2024-06-18T15:56:48","date_gmt":"2024-06-18T15:56:48","guid":{"rendered":"https:\/\/benigal.eu\/?post_type=product&#038;p=2803"},"modified":"2024-06-18T15:56:48","modified_gmt":"2024-06-18T15:56:48","slug":"pen-drive-usb-memoria-4gb","status":"publish","type":"product","link":"https:\/\/benigal.eu\/index.php\/product\/pen-drive-usb-memoria-4gb\/","title":{"rendered":"Pen Drive USB Memoria 4GB"},"content":{"rendered":"<p>Pendrive \u00e9 compat\u00edvel com USB 2.0 e USB e todos os tipos de sistemas operacionais (Windows 7, Windows 8, Windows 10, Vista, XP, 2000, ME, NT Linux e Mac OS, etc.)<\/p>\n<p>Idealismo &#8211; permite segregar m\u00fasica, documentos, v\u00eddeos, fotos, filmes, apresenta\u00e7\u00f5es, manuais, software. etc. Boa escolha para presentes ou an\u00fancio- permite imprimir logotipos.<\/p>\n<p>Design girat\u00f3rio, o clipe met\u00e1lico girat\u00f3rio de 360\u00b0 pode proteger o conector USB quando a mem\u00f3ria USB n\u00e3o estiver a ser usada.<\/p>\n<p>O la\u00e7o integrado simplifica a conex\u00e3o a um porta-chaves.<\/p>\n<p>Caracter\u00edstica &#8211; diferentes cord\u00f5es de cores conectados a cada unidade flash podem ajud\u00e1-lo a distinguir entre diferentes tipos de arquivos. Leve, conveniente para prender ao porta-chaves e f\u00e1cil de transportar.<\/p>\n<p>Confian\u00e7a &#8211; qualidade de foco. A unidade flash pode oferecer um armazenamento seguro e port\u00e1til no qual pode confiar. Armazene e partilhe de forma simples e confi\u00e1vel.<\/p>\n","protected":false},"excerpt":{"rendered":"<p>Pen Drive 4GB USB Memoria 2.0 rotativo com cord\u00e3o cor aleat\u00f3rio<\/p>\n","protected":false},"featured_media":2804,"template":"","meta":[],"product_cat":[55],"product_tag":[],"jetpack_sharing_enabled":true,"_links":{"self":[{"href":"https:\/\/benigal.eu\/index.php\/wp-json\/wp\/v2\/product\/2803"}],"collection":[{"href":"https:\/\/benigal.eu\/index.php\/wp-json\/wp\/v2\/product"}],"about":[{"href":"https:\/\/benigal.eu\/index.php\/wp-json\/wp\/v2\/types\/product"}],"wp:featuredmedia":[{"embeddable":true,"href":"https:\/\/benigal.eu\/index.php\/wp-json\/wp\/v2\/media\/2804"}],"wp:attachment":[{"href":"https:\/\/benigal.eu\/index.php\/wp-json\/wp\/v2\/media?parent=2803"}],"wp:term":[{"taxonomy":"product_cat","embeddable":true,"href":"https:\/\/benigal.eu\/index.php\/wp-json\/wp\/v2\/product_cat?post=2803"},{"taxonomy":"product_tag","embeddable":true,"href":"https:\/\/benigal.eu\/index.php\/wp-json\/wp\/v2\/product_tag?post=2803"}],"curies":[{"name":"wp","href":"https:\/\/api.w.org\/{rel}","templated":true}]}}