{"id":641,"date":"2023-09-09T16:41:01","date_gmt":"2023-09-09T16:41:01","guid":{"rendered":"https:\/\/benigal.eu\/?post_type=product&#038;p=641"},"modified":"2023-09-19T09:24:35","modified_gmt":"2023-09-19T09:24:35","slug":"bolsa-saco-seca-flutuante-20-litros","status":"publish","type":"product","link":"https:\/\/benigal.eu\/index.php\/product\/bolsa-saco-seca-flutuante-20-litros\/","title":{"rendered":"Bolsa saco seca flutuante 20 litros"},"content":{"rendered":"<p>Bolsa seca flutuante Saco imperme\u00e1veis, flutuantes, para campismo, rafting, pesca, canoagem, caiaque, snowboard, nata\u00e7\u00e3o, mergulho, etc.<\/p>\n<p>20 litros<\/p>\n<p>Cor Laranja<\/p>\n<p>As bolsas imperme\u00e1veis n\u00e3o convencem apenas pela sua qualidade, mas s\u00e3o um equipamento confi\u00e1vel para as suas viagens gra\u00e7as \u00e0s suas al\u00e7as de ombro ajust\u00e1veis. O fecho enrol\u00e1vel das bolsas garante o armazenamento seco e limpo dos seus objetos. Seja equipamento, roupas ou outros objetos de valor, tudo o que n\u00e3o deve ser molhado fica protegido da \u00e1gua, areia e poeira.<\/p>\n<p>As mochilas s\u00e3o feitas de PVC 500D e t\u00eam costuras seladas e uma base de vinil refor\u00e7ada. Gra\u00e7as a esta capa de alta qualidade e refor\u00e7ada com fibra, as nossas bolsas s\u00e3o muito dur\u00e1veis e resistentes. S\u00e3o adequados para todos os tipos de atividades aqu\u00e1ticas e terrestres: os sacos secos s\u00e3o um companheiro confi\u00e1vel para suas aventuras. Al\u00e9m de tudo isso, estes sacos estanques tamb\u00e9m protegem os seus pertences em caso de chuva.<\/p>\n<p>Se fechados corretamente, estes sacos flutuam na superf\u00edcie da \u00e1gua, j\u00e1 que o ar interior n\u00e3o escapa e, portanto, n\u00e3o deixa a \u00e1gua vazar do exterior. Tenha em conta ao dobrar a bolsa estanque que que o fecho de enrolamento deve ser dobrado cerca de 5 vezes na dire\u00e7\u00e3o do refor\u00e7o de pl\u00e1stico da borda externa e, no final, o fecho de mosquet\u00e3o se encaixa corretamente. Assim, a impermeabilidade permanece.<\/p>\n<p>F\u00e1cil de limpar &#8211; A bolsa \u00e9 f\u00e1cil de limpar e permanecer\u00e1 em forma nos pr\u00f3ximos anos.<\/p>\n","protected":false},"excerpt":{"rendered":"<p>Bolsa seca flutuante Saco imperme\u00e1veis, flutuantes, para campismo, rafting, pesca, canoagem, caiaque, snowboard, nata\u00e7\u00e3o, mergulho, etc.<\/p>\n","protected":false},"featured_media":644,"template":"","meta":[],"product_cat":[59],"product_tag":[65],"jetpack_sharing_enabled":true,"_links":{"self":[{"href":"https:\/\/benigal.eu\/index.php\/wp-json\/wp\/v2\/product\/641"}],"collection":[{"href":"https:\/\/benigal.eu\/index.php\/wp-json\/wp\/v2\/product"}],"about":[{"href":"https:\/\/benigal.eu\/index.php\/wp-json\/wp\/v2\/types\/product"}],"wp:featuredmedia":[{"embeddable":true,"href":"https:\/\/benigal.eu\/index.php\/wp-json\/wp\/v2\/media\/644"}],"wp:attachment":[{"href":"https:\/\/benigal.eu\/index.php\/wp-json\/wp\/v2\/media?parent=641"}],"wp:term":[{"taxonomy":"product_cat","embeddable":true,"href":"https:\/\/benigal.eu\/index.php\/wp-json\/wp\/v2\/product_cat?post=641"},{"taxonomy":"product_tag","embeddable":true,"href":"https:\/\/benigal.eu\/index.php\/wp-json\/wp\/v2\/product_tag?post=641"}],"curies":[{"name":"wp","href":"https:\/\/api.w.org\/{rel}","templated":true}]}}