{"id":697,"date":"2023-09-09T18:22:22","date_gmt":"2023-09-09T18:22:22","guid":{"rendered":"https:\/\/benigal.eu\/?post_type=product&#038;p=697"},"modified":"2024-02-03T12:52:41","modified_gmt":"2024-02-03T12:52:41","slug":"kit-de-lapis-para-desenho-com-estojo","status":"publish","type":"product","link":"https:\/\/benigal.eu\/index.php\/product\/kit-de-lapis-para-desenho-com-estojo\/","title":{"rendered":"Kit de l\u00e1pis para desenho com estojo"},"content":{"rendered":"<p>Conjunto de l\u00e1pis de desenho com l\u00e1pis de grafite e l\u00e1pis de carv\u00e3o, conjunto de artista para esbo\u00e7o, 29 pe\u00e7as.<\/p>\n<p>O pacote inclui:<br \/>\n18 l\u00e1pis de desenho (HB\/1 pcs, B\/1 pe\u00e7a, 2H\/2 unidades, 2B\/4 pe\u00e7as, 3B\/2 pe\u00e7as, 4B\/4 pe\u00e7as, 5B\/1 pe\u00e7a, 6B\/1 pe\u00e7a, 7B\/1 pe\u00e7a, 8B\/1 pe\u00e7a,<br \/>\n3 l\u00e1pis de papel,<br \/>\n3 pe\u00e7as. l\u00e1pis carv\u00e3o,<br \/>\n2 unidades Borracha,<br \/>\n1 faca,<br \/>\n1 extensor,<br \/>\n1 apontador, 1<br \/>\nbolsa, 30 pe\u00e7as no total<\/p>\n<p>&nbsp;<\/p>\n","protected":false},"excerpt":{"rendered":"<p>Conjunto de l\u00e1pis de desenho<\/p>\n","protected":false},"featured_media":698,"template":"","meta":[],"product_cat":[15,56],"product_tag":[],"jetpack_sharing_enabled":true,"_links":{"self":[{"href":"https:\/\/benigal.eu\/index.php\/wp-json\/wp\/v2\/product\/697"}],"collection":[{"href":"https:\/\/benigal.eu\/index.php\/wp-json\/wp\/v2\/product"}],"about":[{"href":"https:\/\/benigal.eu\/index.php\/wp-json\/wp\/v2\/types\/product"}],"wp:featuredmedia":[{"embeddable":true,"href":"https:\/\/benigal.eu\/index.php\/wp-json\/wp\/v2\/media\/698"}],"wp:attachment":[{"href":"https:\/\/benigal.eu\/index.php\/wp-json\/wp\/v2\/media?parent=697"}],"wp:term":[{"taxonomy":"product_cat","embeddable":true,"href":"https:\/\/benigal.eu\/index.php\/wp-json\/wp\/v2\/product_cat?post=697"},{"taxonomy":"product_tag","embeddable":true,"href":"https:\/\/benigal.eu\/index.php\/wp-json\/wp\/v2\/product_tag?post=697"}],"curies":[{"name":"wp","href":"https:\/\/api.w.org\/{rel}","templated":true}]}}